{"id":1346,"date":"2018-12-16T08:43:29","date_gmt":"2018-12-16T07:43:29","guid":{"rendered":"http:\/\/wkge-en.de\/wkge\/?page_id=1346"},"modified":"2018-12-16T08:44:12","modified_gmt":"2018-12-16T07:44:12","slug":"ziele-transparente-schule","status":"publish","type":"page","link":"https:\/\/wkge-en.de\/wkge\/unsere-schule\/schulprogramm\/transparente-schule\/ziele-transparente-schule\/","title":{"rendered":"Ziele &#8211; Transparente Schule"},"content":{"rendered":"\t\t<div data-elementor-type=\"wp-post\" data-elementor-id=\"1346\" class=\"elementor elementor-1346 elementor-bc-flex-widget\">\n\t\t\t\t\t\t<section class=\"elementor-section elementor-top-section elementor-element elementor-element-98f5905 elementor-section-boxed elementor-section-height-default elementor-section-height-default\" data-id=\"98f5905\" data-element_type=\"section\" data-e-type=\"section\">\n\t\t\t\t\t\t<div class=\"elementor-container elementor-column-gap-default\">\n\t\t\t\t\t<div class=\"elementor-column elementor-col-100 elementor-top-column elementor-element elementor-element-c317cbd\" data-id=\"c317cbd\" data-element_type=\"column\" data-e-type=\"column\">\n\t\t\t<div class=\"elementor-widget-wrap elementor-element-populated\">\n\t\t\t\t\t\t<div class=\"elementor-element elementor-element-bb94b9b elementor-widget elementor-widget-heading\" data-id=\"bb94b9b\" data-element_type=\"widget\" data-e-type=\"widget\" data-widget_type=\"heading.default\">\n\t\t\t\t<div class=\"elementor-widget-container\">\n\t\t\t\t\t<h2 class=\"elementor-heading-title elementor-size-default\">Ziele - Transparente Schule<\/h2>\t\t\t\t<\/div>\n\t\t\t\t<\/div>\n\t\t\t\t\t<\/div>\n\t\t<\/div>\n\t\t\t\t\t<\/div>\n\t\t<\/section>\n\t\t\t\t<section class=\"elementor-section elementor-top-section elementor-element elementor-element-a8e024b elementor-section-boxed elementor-section-height-default elementor-section-height-default\" data-id=\"a8e024b\" data-element_type=\"section\" data-e-type=\"section\">\n\t\t\t\t\t\t<div class=\"elementor-container elementor-column-gap-default\">\n\t\t\t\t\t<div class=\"elementor-column elementor-col-100 elementor-top-column elementor-element elementor-element-b74a83a\" data-id=\"b74a83a\" data-element_type=\"column\" data-e-type=\"column\">\n\t\t\t<div class=\"elementor-widget-wrap elementor-element-populated\">\n\t\t\t\t\t\t<div class=\"elementor-element elementor-element-ebd4810 elementor-widget elementor-widget-text-editor\" data-id=\"ebd4810\" data-element_type=\"widget\" data-e-type=\"widget\" data-widget_type=\"text-editor.default\">\n\t\t\t\t<div class=\"elementor-widget-container\">\n\t\t\t\t\t\t\t\t\t<div class=\"region region-content\"><div id=\"block-system-main\" class=\"block block-system\"><div class=\"content\"><div id=\"node-65\" class=\"node node-book clearfix\"><div class=\"content clearfix\"><div class=\"field field-name-body field-type-text-with-summary field-label-hidden\"><div class=\"field-items\"><div class=\"field-item even\"><p>Es ist eines unserer erkl\u00e4rten Ziele, dass alle: Sch\u00fcler und Sch\u00fclerinnen, V\u00e4ter, M\u00fctter und andere Erziehungsberechtigte sowie Lehrer und Lehrerinnen sich in hohem Ma\u00dfe mit unserer Schule identifizieren k\u00f6nnen.<\/p><dl><dd>Wir sind davon \u00fcberzeugt, dass dies einerseits insbesondere dadurch erreicht werden kann, dass alle Beteiligten<ul><li>so fr\u00fch wie m\u00f6glich an Entscheidungsprozessen teilhaben,<\/li><li>Verantwortung \u00fcbernehmen,<\/li><li>die Zusammenarbeit offen und ehrlich gestalten.<\/li><\/ul><\/dd><\/dl><dl><dd>Wir sind davon \u00fcberzeugt, dass dies andererseits insbesondere durch eine Gestaltung und \u00d6ffnung von Schule erreicht werden kann,<ul><li>bei der die Zusammenarbeit mit den unterschiedlichsten au\u00dferschulischen Einrichtungen stetig erweitert und intensiviert wird,<\/li><li>au\u00dferschulische Lernanl\u00e4sse und -orte gezielt und kontinuierlich f\u00fcr Unterricht und Schulleben nutzbar gemacht werden<\/li><li>und die \u00d6ffentlichkeit \u00fcber die Arbeit und das Leben in unserer Schule so umfassend wie m\u00f6glich informiert ist.<\/li><\/ul><\/dd><\/dl><\/div><\/div><\/div><\/div><\/div><\/div><\/div><\/div>\t\t\t\t\t\t\t\t<\/div>\n\t\t\t\t<\/div>\n\t\t\t\t\t<\/div>\n\t\t<\/div>\n\t\t\t\t\t<\/div>\n\t\t<\/section>\n\t\t\t\t<\/div>\n\t\t","protected":false},"excerpt":{"rendered":"<p>Ziele &#8211; Transparente Schule Es ist eines unserer erkl\u00e4rten Ziele, dass alle: Sch\u00fcler und Sch\u00fclerinnen, V\u00e4ter, M\u00fctter und andere Erziehungsberechtigte sowie Lehrer und Lehrerinnen sich in hohem Ma\u00dfe mit unserer Schule identifizieren k\u00f6nnen. Wir sind davon \u00fcberzeugt, dass dies einerseits insbesondere dadurch erreicht werden kann, dass alle Beteiligten so fr\u00fch wie m\u00f6glich an Entscheidungsprozessen teilhaben, Verantwortung \u00fcbernehmen, die Zusammenarbeit offen und ehrlich gestalten. Wir sind davon \u00fcberzeugt, dass dies andererseits insbesondere durch eine Gestaltung und \u00d6ffnung von Schule erreicht werden kann, bei der die Zusammenarbeit mit den unterschiedlichsten au\u00dferschulischen Einrichtungen stetig erweitert und intensiviert wird, au\u00dferschulische Lernanl\u00e4sse und -orte gezielt und kontinuierlich f\u00fcr Unterricht und Schulleben nutzbar gemacht werden und die \u00d6ffentlichkeit \u00fcber die Arbeit und das Leben in unserer Schule so umfassend wie m\u00f6glich informiert ist.<\/p>\n","protected":false},"author":2,"featured_media":0,"parent":1341,"menu_order":0,"comment_status":"closed","ping_status":"closed","template":"","meta":{"footnotes":""},"class_list":["post-1346","page","type-page","status-publish","hentry","","tg-column-two"],"_links":{"self":[{"href":"https:\/\/wkge-en.de\/wkge\/wp-json\/wp\/v2\/pages\/1346","targetHints":{"allow":["GET"]}}],"collection":[{"href":"https:\/\/wkge-en.de\/wkge\/wp-json\/wp\/v2\/pages"}],"about":[{"href":"https:\/\/wkge-en.de\/wkge\/wp-json\/wp\/v2\/types\/page"}],"author":[{"embeddable":true,"href":"https:\/\/wkge-en.de\/wkge\/wp-json\/wp\/v2\/users\/2"}],"replies":[{"embeddable":true,"href":"https:\/\/wkge-en.de\/wkge\/wp-json\/wp\/v2\/comments?post=1346"}],"version-history":[{"count":3,"href":"https:\/\/wkge-en.de\/wkge\/wp-json\/wp\/v2\/pages\/1346\/revisions"}],"predecessor-version":[{"id":1349,"href":"https:\/\/wkge-en.de\/wkge\/wp-json\/wp\/v2\/pages\/1346\/revisions\/1349"}],"up":[{"embeddable":true,"href":"https:\/\/wkge-en.de\/wkge\/wp-json\/wp\/v2\/pages\/1341"}],"wp:attachment":[{"href":"https:\/\/wkge-en.de\/wkge\/wp-json\/wp\/v2\/media?parent=1346"}],"curies":[{"name":"wp","href":"https:\/\/api.w.org\/{rel}","templated":true}]}}