{"id":1352,"date":"2018-12-16T08:52:53","date_gmt":"2018-12-16T07:52:53","guid":{"rendered":"http:\/\/wkge-en.de\/wkge\/?page_id=1352"},"modified":"2018-12-16T08:58:40","modified_gmt":"2018-12-16T07:58:40","slug":"aufgaben-im-bereich-der-schulleitung","status":"publish","type":"page","link":"https:\/\/wkge-en.de\/wkge\/unsere-schule\/schulprogramm\/transparente-schule\/geschaeftsverteilungsplan\/aufgaben-im-bereich-der-schulleitung\/","title":{"rendered":"Aufgaben im Bereich der Schulleitung"},"content":{"rendered":"\t\t<div data-elementor-type=\"wp-post\" data-elementor-id=\"1352\" class=\"elementor elementor-1352 elementor-bc-flex-widget\">\n\t\t\t\t\t\t<section class=\"elementor-section elementor-top-section elementor-element elementor-element-4ba1081 elementor-section-boxed elementor-section-height-default elementor-section-height-default\" data-id=\"4ba1081\" data-element_type=\"section\" data-e-type=\"section\">\n\t\t\t\t\t\t<div class=\"elementor-container elementor-column-gap-default\">\n\t\t\t\t\t<div class=\"elementor-column elementor-col-100 elementor-top-column elementor-element elementor-element-ca31d63\" data-id=\"ca31d63\" data-element_type=\"column\" data-e-type=\"column\">\n\t\t\t<div class=\"elementor-widget-wrap elementor-element-populated\">\n\t\t\t\t\t\t<div class=\"elementor-element elementor-element-8b42cdf elementor-widget elementor-widget-heading\" data-id=\"8b42cdf\" data-element_type=\"widget\" data-e-type=\"widget\" data-widget_type=\"heading.default\">\n\t\t\t\t<div class=\"elementor-widget-container\">\n\t\t\t\t\t<h2 class=\"elementor-heading-title elementor-size-default\">Aufgaben im Bereich der Schulleitung<\/h2>\t\t\t\t<\/div>\n\t\t\t\t<\/div>\n\t\t\t\t\t<\/div>\n\t\t<\/div>\n\t\t\t\t\t<\/div>\n\t\t<\/section>\n\t\t\t\t<section class=\"elementor-section elementor-top-section elementor-element elementor-element-4d0ac18 elementor-section-boxed elementor-section-height-default elementor-section-height-default\" data-id=\"4d0ac18\" data-element_type=\"section\" data-e-type=\"section\">\n\t\t\t\t\t\t<div class=\"elementor-container elementor-column-gap-default\">\n\t\t\t\t\t<div class=\"elementor-column elementor-col-100 elementor-top-column elementor-element elementor-element-2f44d2a\" data-id=\"2f44d2a\" data-element_type=\"column\" data-e-type=\"column\">\n\t\t\t<div class=\"elementor-widget-wrap elementor-element-populated\">\n\t\t\t\t\t\t<div class=\"elementor-element elementor-element-993d50b elementor-widget elementor-widget-spacer\" data-id=\"993d50b\" data-element_type=\"widget\" data-e-type=\"widget\" data-widget_type=\"spacer.default\">\n\t\t\t\t<div class=\"elementor-widget-container\">\n\t\t\t\t\t\t\t<div class=\"elementor-spacer\">\n\t\t\t<div class=\"elementor-spacer-inner\"><\/div>\n\t\t<\/div>\n\t\t\t\t\t\t<\/div>\n\t\t\t\t<\/div>\n\t\t\t\t\t<\/div>\n\t\t<\/div>\n\t\t\t\t\t<\/div>\n\t\t<\/section>\n\t\t\t\t<section class=\"elementor-section elementor-top-section elementor-element elementor-element-ac756fe elementor-section-boxed elementor-section-height-default elementor-section-height-default\" data-id=\"ac756fe\" data-element_type=\"section\" data-e-type=\"section\">\n\t\t\t\t\t\t<div class=\"elementor-container elementor-column-gap-default\">\n\t\t\t\t\t<div class=\"elementor-column elementor-col-50 elementor-top-column elementor-element elementor-element-52ea12d\" data-id=\"52ea12d\" data-element_type=\"column\" data-e-type=\"column\">\n\t\t\t<div class=\"elementor-widget-wrap elementor-element-populated\">\n\t\t\t\t\t\t<div class=\"elementor-element elementor-element-a548b15 elementor-widget elementor-widget-heading\" data-id=\"a548b15\" data-element_type=\"widget\" data-e-type=\"widget\" data-widget_type=\"heading.default\">\n\t\t\t\t<div class=\"elementor-widget-container\">\n\t\t\t\t\t<h2 class=\"elementor-heading-title elementor-size-default\">Der Schulleiter<\/h2>\t\t\t\t<\/div>\n\t\t\t\t<\/div>\n\t\t\t\t<div class=\"elementor-element elementor-element-5aa0926 elementor-widget elementor-widget-text-editor\" data-id=\"5aa0926\" data-element_type=\"widget\" data-e-type=\"widget\" data-widget_type=\"text-editor.default\">\n\t\t\t\t<div class=\"elementor-widget-container\">\n\t\t\t\t\t\t\t\t\t<div class=\"field field-name-body field-type-text-with-summary field-label-hidden\"><div class=\"field-items\"><div class=\"field-item even\"><p>Der Schulleiter (SL) ist letzten Endes f\u00fcr &#8222;alles&#8220; verantwortlich.<\/p><p>Er ist zust\u00e4ndig f\u00fcr:<\/p><ul><li>Au\u00dfenvertretung der Schule<\/li><li>Beratung des p\u00e4dagogischen Personals<\/li><li>Entscheidung \u00fcber die Unterrichtsverteilung, Klassen- und Kursbildung<\/li><li>Erstellung von Leistungsberichten f\u00fcr Lehrer (L) und Lehrerinnen (L&#8216;) zur Vorbereitung der dienstlichen Beurteilung durch die Schulaufsicht,<\/li><li>dienstlichen Beurteilungen f\u00fcr L und L&#8216;,<\/li><li>Endgutachten f\u00fcr Lehramtsanw\u00e4rter und -anw\u00e4rterinnen<\/li><li>allgemeine organisatorische und p\u00e4dagogische Koordination (&#8222;<a href=\"http:\/\/wkge-en.de\/wkge\/unsere-schule\/schulprogramm\/\">Schulprogramm<\/a>&#8222;)<\/li><li>rechtliche und inhaltliche Kontrolle aller Beschl\u00fcsse und ihrer Durchf\u00fchrung<\/li><li>Zeichnung von Abschluss-, \u00dcberweisungs- und Abgangszeugnissen<\/li><li>Vorbereitung und Durchf\u00fchrung von Ordnungsma\u00dfnahmen<\/li><li>Genehmigung von Schulwanderungen sowie -fahrten und anderen Schulveranstaltungen<\/li><li>Beurlaubungen von L und L&#8216; sowie Genehmigung von Sonderurlaub bis zu 5 Tagen im Kalenderjahr<\/li><li>Beurlaubungen von Sch\u00fclern und Sch\u00fclerinnen<\/li><li>Entscheidung \u00fcber die Aufnahme von Sch\u00fclern und Sch\u00fclerinnen<\/li><li>Planung der Verwendung der Haushaltsmittel<\/li><li>die Sekretariatskr\u00e4fte<\/li><\/ul><\/div><\/div><\/div>\t\t\t\t\t\t\t\t<\/div>\n\t\t\t\t<\/div>\n\t\t\t\t\t<\/div>\n\t\t<\/div>\n\t\t\t\t<div class=\"elementor-column elementor-col-50 elementor-top-column elementor-element elementor-element-4e49381\" data-id=\"4e49381\" data-element_type=\"column\" data-e-type=\"column\">\n\t\t\t<div class=\"elementor-widget-wrap elementor-element-populated\">\n\t\t\t\t\t\t<div class=\"elementor-element elementor-element-e923a17 elementor-widget elementor-widget-heading\" data-id=\"e923a17\" data-element_type=\"widget\" data-e-type=\"widget\" data-widget_type=\"heading.default\">\n\t\t\t\t<div class=\"elementor-widget-container\">\n\t\t\t\t\t<h2 class=\"elementor-heading-title elementor-size-default\">Der stellvertretende Schulleiter und Organisationsleiter <\/h2>\t\t\t\t<\/div>\n\t\t\t\t<\/div>\n\t\t\t\t<div class=\"elementor-element elementor-element-66b3b4d elementor-widget elementor-widget-text-editor\" data-id=\"66b3b4d\" data-element_type=\"widget\" data-e-type=\"widget\" data-widget_type=\"text-editor.default\">\n\t\t\t\t<div class=\"elementor-widget-container\">\n\t\t\t\t\t\t\t\t\t<div class=\"field field-name-body field-type-text-with-summary field-label-hidden\"><div class=\"field-items\"><div class=\"field-item even\"><p>Der stellvertretender Schulleiter und Organisationsleiter (OL&#8216;) vertritt bei dessen Abwesenheit den Schulleiter.<\/p><p>Er ist insbesondere zust\u00e4ndig f\u00fcr:<\/p><ul><li>Durchf\u00fchrung des Abiturs<\/li><li>Vorbereitung der Unterrichtsverteilung (UV)<\/li><li>Stundenpl\u00e4ne, Vertretungspl\u00e4ne, Aufsichtspl\u00e4ne<\/li><li>alle Statistiken f\u00fcr das Ministerium<\/li><li>Terminplan<\/li><li>Organisatorische Aspekte aller Differenzierungsma\u00dfnahmen<\/li><li>Geb\u00e4ude und Schulgel\u00e4nde, Hausmeister<\/li><li>Schulbus, Schulweg<\/li><li>schulinterne Regelungen zum Unfallschutz, f\u00fcr Sicherheitsbeauftragte und im Bereich des Schulgesundheitswesens<\/li><li>Verwaltung der Haushaltsmittel<\/li><\/ul><\/div><\/div><\/div>\t\t\t\t\t\t\t\t<\/div>\n\t\t\t\t<\/div>\n\t\t\t\t\t<\/div>\n\t\t<\/div>\n\t\t\t\t\t<\/div>\n\t\t<\/section>\n\t\t\t\t<section class=\"elementor-section elementor-top-section elementor-element elementor-element-ff8797d elementor-section-boxed elementor-section-height-default elementor-section-height-default\" data-id=\"ff8797d\" data-element_type=\"section\" data-e-type=\"section\">\n\t\t\t\t\t\t<div class=\"elementor-container elementor-column-gap-default\">\n\t\t\t\t\t<div class=\"elementor-column elementor-col-50 elementor-top-column elementor-element elementor-element-934eb68\" data-id=\"934eb68\" data-element_type=\"column\" data-e-type=\"column\">\n\t\t\t<div class=\"elementor-widget-wrap elementor-element-populated\">\n\t\t\t\t\t\t<div class=\"elementor-element elementor-element-c4dda68 elementor-widget elementor-widget-heading\" data-id=\"c4dda68\" data-element_type=\"widget\" data-e-type=\"widget\" data-widget_type=\"heading.default\">\n\t\t\t\t<div class=\"elementor-widget-container\">\n\t\t\t\t\t<h2 class=\"elementor-heading-title elementor-size-default\">Didaktische Leiterin<\/h2>\t\t\t\t<\/div>\n\t\t\t\t<\/div>\n\t\t\t\t<div class=\"elementor-element elementor-element-d2003ea elementor-widget elementor-widget-text-editor\" data-id=\"d2003ea\" data-element_type=\"widget\" data-e-type=\"widget\" data-widget_type=\"text-editor.default\">\n\t\t\t\t<div class=\"elementor-widget-container\">\n\t\t\t\t\t\t\t\t\t<div class=\"region region-content\"><div id=\"block-system-main\" class=\"block block-system\"><div class=\"content\"><div id=\"node-94\" class=\"node node-book clearfix\"><div class=\"content clearfix\"><div class=\"field field-name-body field-type-text-with-summary field-label-hidden\"><div class=\"field-items\"><div class=\"field-item even\"><p>Die Didaktische Leiterin (DL) ist zust\u00e4ndig f\u00fcr stufen- und f\u00e4cher\u00fcbergreifende p\u00e4dagogische und didaktische Belange.<\/p><p>Sie ist zust\u00e4ndig insbesondere f\u00fcr:<\/p><ul><li>Entwicklung des <a href=\"http:\/\/wkge-en.de\/wkge\/unsere-schule\/schulprogramm\/\">Schulprogramms<\/a>, Delegation der Verantwortung zur Weitergestaltung<\/li><li>Inhalt und Organisation des Ganztagsbereichs<\/li><li>stufen- und f\u00e4cher\u00fcbergreifende Koordination von Beratung, Differenzierung, Projekten, F\u00f6rderma\u00dfnahmen, Methoden, Inhalten, Arbeitsstunden, h\u00e4uslicher Arbeit<\/li><li>inhaltliche Kontrolle der Arbeit der Fachkonferenzen (z.B. Unterrichtspartituren, Vergleichbarkeit der Leistungsbewertung)<\/li><li>Informationsschriften f\u00fcr Sch\u00fcler und Sch\u00fclerinnen sowie Eltern<\/li><li>Planung und Durchf\u00fchrung von innerschulischen Fortbildungen f\u00fcr L und L&#8216;<\/li><li>Information \u00fcber au\u00dferschulische Fortbildungsveranstaltungen<\/li><li>Organisation und Leitung p\u00e4dagogischer Gespr\u00e4chskreise, auch unter Beteiligung von Eltern<\/li><li>Koordination der Lernstandserhebungen in Zusammenarbeit mit den Fachkonferenz- Vorsitzenden, dem Abteilungsleiter II und der stellvertretenden Schulleiterin<\/li><li>Praktikantinnen und Praktikanten<\/li><\/ul><\/div><\/div><\/div><\/div><\/div><\/div><\/div><\/div>\t\t\t\t\t\t\t\t<\/div>\n\t\t\t\t<\/div>\n\t\t\t\t\t<\/div>\n\t\t<\/div>\n\t\t\t\t<div class=\"elementor-column elementor-col-50 elementor-top-column elementor-element elementor-element-da780eb\" data-id=\"da780eb\" data-element_type=\"column\" data-e-type=\"column\">\n\t\t\t<div class=\"elementor-widget-wrap elementor-element-populated\">\n\t\t\t\t\t\t<div class=\"elementor-element elementor-element-47e5cef elementor-widget elementor-widget-heading\" data-id=\"47e5cef\" data-element_type=\"widget\" data-e-type=\"widget\" data-widget_type=\"heading.default\">\n\t\t\t\t<div class=\"elementor-widget-container\">\n\t\t\t\t\t<h2 class=\"elementor-heading-title elementor-size-default\">Abteilungsleitungen<\/h2>\t\t\t\t<\/div>\n\t\t\t\t<\/div>\n\t\t\t\t<div class=\"elementor-element elementor-element-4e8bc90 elementor-widget elementor-widget-text-editor\" data-id=\"4e8bc90\" data-element_type=\"widget\" data-e-type=\"widget\" data-widget_type=\"text-editor.default\">\n\t\t\t\t<div class=\"elementor-widget-container\">\n\t\t\t\t\t\t\t\t\t<p>Die Abteilungsleitungen sind insbesondere zust\u00e4ndig f\u00fcr p\u00e4dagogische und organisatorische Koordination innerhalb der Abteilung:<\/p><ul><li>Aufnahme von Sch\u00fclern und Sch\u00fclerinnen in Absprache mit dem Schulleiter<\/li><li>Klassen- und Kurszusammensetzung in Absprache mit dem Schulleiter<\/li><li>Vorbereitung und Durchf\u00fchrung der Differenzierung<\/li><li>Beobachtung der Leistungsbewertung und Beratung der unterrichtenden Fachkr\u00e4fte<\/li><li>Beratung der in der Abteilung unterrichtenden Lehrerinnen und Lehrer<\/li><li>inhaltliche und organisatorische Vorbereitung von Projekten<\/li><li>Erstellung von Klausurterminpl\u00e4nen<\/li><li>Kontrolle der Durchf\u00fchrung von Konferenzbeschl\u00fcssen im Hinblick auf das <a href=\"http:\/\/wkge-en.de\/wkge\/unsere-schule\/schulprogramm\/\">Schulprogramm <\/a><\/li><li>Beratung des Schulleiters bei der Erstellung von Leistungsberichten, dienstlichen Beurteilungen<\/li><li>Beratung und Information der Eltern der Abteilung<\/li><li>Klassen- und Jahrgangsstufenkonferenzen in Absprache mit den Klassenlehrkr\u00e4ften<\/li><li>Inhaltliche Vorbereitung und Durchf\u00fchrung von Teamsitzungen<\/li><li>Teilnahme an den Zeugniskonferenzen der Jahrgangsstufe<\/li><li>Verantwortung f\u00fcr die ordnungsgem\u00e4\u00dfe Erstellung der Zeugnisse mit Ausnahme der Abschluss- und Abgangszeugnisse<\/li><li>Formale Kontrolle der Klassen- und Kursb\u00fccher<\/li><li>Mitarbeit bei der Unterrichtsverteilung und -organisation<\/li><li>Mitarbeit bei der Erstellung der Schulstatistiken<\/li><\/ul>\t\t\t\t\t\t\t\t<\/div>\n\t\t\t\t<\/div>\n\t\t\t\t\t<\/div>\n\t\t<\/div>\n\t\t\t\t\t<\/div>\n\t\t<\/section>\n\t\t\t\t<section class=\"elementor-section elementor-top-section elementor-element elementor-element-2dd9181 elementor-section-boxed elementor-section-height-default elementor-section-height-default\" data-id=\"2dd9181\" data-element_type=\"section\" data-e-type=\"section\">\n\t\t\t\t\t\t<div class=\"elementor-container elementor-column-gap-default\">\n\t\t\t\t\t<div class=\"elementor-column elementor-col-100 elementor-top-column elementor-element elementor-element-d173b1e\" data-id=\"d173b1e\" data-element_type=\"column\" data-e-type=\"column\">\n\t\t\t<div class=\"elementor-widget-wrap\">\n\t\t\t\t\t\t\t<\/div>\n\t\t<\/div>\n\t\t\t\t\t<\/div>\n\t\t<\/section>\n\t\t\t\t<\/div>\n\t\t","protected":false},"excerpt":{"rendered":"<p>Aufgaben im Bereich der Schulleitung Der Schulleiter Der Schulleiter (SL) ist letzten Endes f\u00fcr &#8222;alles&#8220; verantwortlich. Er ist zust\u00e4ndig f\u00fcr: Au\u00dfenvertretung der Schule Beratung des p\u00e4dagogischen Personals Entscheidung \u00fcber die Unterrichtsverteilung, Klassen- und Kursbildung Erstellung von Leistungsberichten f\u00fcr Lehrer (L) und Lehrerinnen (L&#8216;) zur Vorbereitung der dienstlichen Beurteilung durch die Schulaufsicht, dienstlichen Beurteilungen f\u00fcr L und L&#8216;, Endgutachten f\u00fcr Lehramtsanw\u00e4rter und -anw\u00e4rterinnen allgemeine organisatorische und p\u00e4dagogische Koordination (&#8222;Schulprogramm&#8222;) rechtliche und inhaltliche Kontrolle aller Beschl\u00fcsse und ihrer Durchf\u00fchrung Zeichnung von Abschluss-, \u00dcberweisungs- und Abgangszeugnissen Vorbereitung und Durchf\u00fchrung von Ordnungsma\u00dfnahmen Genehmigung von Schulwanderungen sowie -fahrten und anderen Schulveranstaltungen Beurlaubungen von L und L&#8216; sowie Genehmigung von Sonderurlaub bis zu 5 Tagen im Kalenderjahr Beurlaubungen von Sch\u00fclern und Sch\u00fclerinnen Entscheidung \u00fcber die Aufnahme von Sch\u00fclern und Sch\u00fclerinnen Planung der Verwendung der Haushaltsmittel die Sekretariatskr\u00e4fte Der stellvertretende Schulleiter und Organisationsleiter Der stellvertretender Schulleiter und Organisationsleiter (OL&#8216;) vertritt bei dessen Abwesenheit den Schulleiter. Er ist<\/p>\n","protected":false},"author":2,"featured_media":0,"parent":1350,"menu_order":0,"comment_status":"closed","ping_status":"closed","template":"","meta":{"footnotes":""},"class_list":["post-1352","page","type-page","status-publish","hentry","","tg-column-two"],"_links":{"self":[{"href":"https:\/\/wkge-en.de\/wkge\/wp-json\/wp\/v2\/pages\/1352","targetHints":{"allow":["GET"]}}],"collection":[{"href":"https:\/\/wkge-en.de\/wkge\/wp-json\/wp\/v2\/pages"}],"about":[{"href":"https:\/\/wkge-en.de\/wkge\/wp-json\/wp\/v2\/types\/page"}],"author":[{"embeddable":true,"href":"https:\/\/wkge-en.de\/wkge\/wp-json\/wp\/v2\/users\/2"}],"replies":[{"embeddable":true,"href":"https:\/\/wkge-en.de\/wkge\/wp-json\/wp\/v2\/comments?post=1352"}],"version-history":[{"count":3,"href":"https:\/\/wkge-en.de\/wkge\/wp-json\/wp\/v2\/pages\/1352\/revisions"}],"predecessor-version":[{"id":1356,"href":"https:\/\/wkge-en.de\/wkge\/wp-json\/wp\/v2\/pages\/1352\/revisions\/1356"}],"up":[{"embeddable":true,"href":"https:\/\/wkge-en.de\/wkge\/wp-json\/wp\/v2\/pages\/1350"}],"wp:attachment":[{"href":"https:\/\/wkge-en.de\/wkge\/wp-json\/wp\/v2\/media?parent=1352"}],"curies":[{"name":"wp","href":"https:\/\/api.w.org\/{rel}","templated":true}]}}