{"id":143,"date":"2018-12-04T20:36:57","date_gmt":"2018-12-04T19:36:57","guid":{"rendered":"http:\/\/wkge-en.de\/wkge\/?page_id=143"},"modified":"2018-12-04T20:42:13","modified_gmt":"2018-12-04T19:42:13","slug":"ausserschulische-lernpartner","status":"publish","type":"page","link":"https:\/\/wkge-en.de\/wkge\/unsere-schule\/schulprogramm\/die-wilhelm-kraft-gesamtschule\/ausserschulische-lernpartner\/","title":{"rendered":"Au\u00dferschulische Lernpartner"},"content":{"rendered":"\t\t<div data-elementor-type=\"wp-post\" data-elementor-id=\"143\" class=\"elementor elementor-143 elementor-bc-flex-widget\">\n\t\t\t\t\t\t<section class=\"elementor-section elementor-top-section elementor-element elementor-element-4a79d61 elementor-section-boxed elementor-section-height-default elementor-section-height-default\" data-id=\"4a79d61\" data-element_type=\"section\" data-e-type=\"section\">\n\t\t\t\t\t\t<div class=\"elementor-container elementor-column-gap-default\">\n\t\t\t\t\t<div class=\"elementor-column elementor-col-100 elementor-top-column elementor-element elementor-element-ba846bc\" data-id=\"ba846bc\" data-element_type=\"column\" data-e-type=\"column\">\n\t\t\t<div class=\"elementor-widget-wrap elementor-element-populated\">\n\t\t\t\t\t\t<div class=\"elementor-element elementor-element-779f770 elementor-widget elementor-widget-heading\" data-id=\"779f770\" data-element_type=\"widget\" data-e-type=\"widget\" data-widget_type=\"heading.default\">\n\t\t\t\t<div class=\"elementor-widget-container\">\n\t\t\t\t\t<h2 class=\"elementor-heading-title elementor-size-default\">Au\u00dferschulische Lernpartner<\/h2>\t\t\t\t<\/div>\n\t\t\t\t<\/div>\n\t\t\t\t\t<\/div>\n\t\t<\/div>\n\t\t\t\t\t<\/div>\n\t\t<\/section>\n\t\t\t\t<section class=\"elementor-section elementor-top-section elementor-element elementor-element-31c5217 elementor-section-boxed elementor-section-height-default elementor-section-height-default\" data-id=\"31c5217\" data-element_type=\"section\" data-e-type=\"section\">\n\t\t\t\t\t\t<div class=\"elementor-container elementor-column-gap-default\">\n\t\t\t\t\t<div class=\"elementor-column elementor-col-100 elementor-top-column elementor-element elementor-element-1199843\" data-id=\"1199843\" data-element_type=\"column\" data-e-type=\"column\">\n\t\t\t<div class=\"elementor-widget-wrap elementor-element-populated\">\n\t\t\t\t\t\t<div class=\"elementor-element elementor-element-07eaf37 elementor-widget elementor-widget-text-editor\" data-id=\"07eaf37\" data-element_type=\"widget\" data-e-type=\"widget\" data-widget_type=\"text-editor.default\">\n\t\t\t\t<div class=\"elementor-widget-container\">\n\t\t\t\t\t\t\t\t\t<div class=\"field field-name-body field-type-text-with-summary field-label-hidden\"><div class=\"field-items\"><div class=\"field-item even\"><p>Die Wilhelm-Kraft-Gesamtschule pflegt als Kreisschule intensive Kontakte zu au\u00dferschulischen Partnern, um Kenntnisse von Fachleuten in den Unterricht zu integrieren, um die Lebenswelt der Schulumgebung zum Thema des Unterrichtes zu machen und um die Schule f\u00fcr die \u00d6ffentlichkeit zu \u00f6ffnen (s. <a href=\"http:\/\/wilhelm-kraft-gesamtschule.de\/schulprogramm\/schule-als-lebensraum\/ziele\">Ziele der Gestaltung des Schullebens und \u00d6ffnung von Schule<\/a>).<\/p><p>Die Zusammenarbeit mit freien Tr\u00e4gern der Wohlfahrtspflege beginnt in der Jahrgangsstufe 5 (s. <a href=\"http:\/\/wilhelm-kraft-gesamtschule.de\/schulprogramm\/gesundheitserziehung-5\">Gesundheitserziehung in der Jahrgangsstufe 5<\/a>), sie wird ausgebaut und intensiviert unter Hinzuziehung beispielsweise der Arbeiterwohlfahrt, pro familia und der entsprechenden Beratungsstellen des Kreises im Rahmen der <a href=\"http:\/\/wilhelm-kraft-gesamtschule.de\/schulprogramm\/aidspraevention\">Aids-<\/a> und <a href=\"http:\/\/wilhelm-kraft-gesamtschule.de\/schulprogramm\/suchtpraevention\">Suchtprophylaxe<\/a>.<\/p><p>Die Konzeption der <a href=\"http:\/\/wilhelm-kraft-gesamtschule.de\/schulprogramm\/berufswahlvorbereitung\">Berufswahlorientierung<\/a> sieht eine intensive Zusammenarbeit mit der Berufsberatung der Arbeitsagentur und dem Arbeitskreis Wirtschaft-Schule vor. Im Rahmen dieses Arbeitskreises pflegen wir die Zusammenarbeit mit einer Vielzahl von mittelst\u00e4ndischen Betrieben, dem Einzelhandel und den Arbeitgeber-Organisationen. Die Ausbildungsberater der Arbeitsagentur bieten regelm\u00e4\u00dfige Termine in der Schule an.<\/p><p>Ein weiterer Schwerpunkt unserer Arbeit ist die Durchf\u00fchrung der <a href=\"http:\/\/wilhelm-kraft-gesamtschule.de\/schulprogramm\/berufswahlvorbereitung#berufsinformationsboerse\">Berufswahlb\u00f6rse<\/a> f\u00fcr die Jahrgangsstufen 9 bis 13, bei der neben der Arbeitsagentur auch Ausbildungsbetriebe, Weiterbildungs-Institutionen und Universit\u00e4ten des Einzugsgebietes engagiert sind.<\/p><p>Zusammen mit den Kirchengemeinden in Sprockh\u00f6vel-Ha\u00dflinghausen erarbeitet die Fachkonferenz Religion die\u00a0<a href=\"http:\/\/wilhelm-kraft-gesamtschule.de\/schulprogramm\/zusammenarbeit-mit-den-kirchen\">Organisation und Durchf\u00fchrung von Gottesdiensten<\/a>.<\/p><p>Im Bereich Physik besteht eine <a href=\"http:\/\/wilhelm-kraft-gesamtschule.de\/schulprogramm\/kooperation-physik\">Kooperation mit der Universit\u00e4t Bochum<\/a> mit dem Ziel, schulische Ausbildung und universit\u00e4re Lehre zu verkn\u00fcpfen.<\/p><p>Ja nach Gegenfinanzierung kooperieren wir mit verschiedenen Institutionen im k\u00fcnstlerischen Bereich, z.B.:<\/p><ul><li>Frau Zimmerbeutel (Programm Kultur und Schule NRW): Steinbildhauerei<\/li><li><a class=\"ext\" href=\"http:\/\/www.whitehorse.de\/\" target=\"_blank\" rel=\"noopener noreferrer\">White Horse Theater<\/a> (Auff\u00fchrungen f\u00fcr die Jahrg\u00e4nge 8 &#8211; 13)<\/li><li>Petra Lemke (Theaterp\u00e4dagogik: Theaterst\u00fccke zu Suchprophylaxe und Genderproblematik)<\/li><li>Steffen Peter (Graffity-K\u00fcnstler-Arbeitsgemeinschaft)<\/li><li>Peter M\u00fcller-Ante: Aktionsk\u00fcnstler im Rahmen der Kulturhauptstadt-Ruhr<\/li><\/ul><p class=\"rteright\"><em>M\u00e4rz 2012<\/em><\/p><\/div><\/div><\/div>\t\t\t\t\t\t\t\t<\/div>\n\t\t\t\t<\/div>\n\t\t\t\t\t<\/div>\n\t\t<\/div>\n\t\t\t\t\t<\/div>\n\t\t<\/section>\n\t\t\t\t<\/div>\n\t\t","protected":false},"excerpt":{"rendered":"<p>Au\u00dferschulische Lernpartner Die Wilhelm-Kraft-Gesamtschule pflegt als Kreisschule intensive Kontakte zu au\u00dferschulischen Partnern, um Kenntnisse von Fachleuten in den Unterricht zu integrieren, um die Lebenswelt der Schulumgebung zum Thema des Unterrichtes zu machen und um die Schule f\u00fcr die \u00d6ffentlichkeit zu \u00f6ffnen (s. Ziele der Gestaltung des Schullebens und \u00d6ffnung von Schule). Die Zusammenarbeit mit freien Tr\u00e4gern der Wohlfahrtspflege beginnt in der Jahrgangsstufe 5 (s. Gesundheitserziehung in der Jahrgangsstufe 5), sie wird ausgebaut und intensiviert unter Hinzuziehung beispielsweise der Arbeiterwohlfahrt, pro familia und der entsprechenden Beratungsstellen des Kreises im Rahmen der Aids- und Suchtprophylaxe. Die Konzeption der Berufswahlorientierung sieht eine intensive Zusammenarbeit mit der Berufsberatung der Arbeitsagentur und dem Arbeitskreis Wirtschaft-Schule vor. Im Rahmen dieses Arbeitskreises pflegen wir die Zusammenarbeit mit einer Vielzahl von mittelst\u00e4ndischen Betrieben, dem Einzelhandel und den Arbeitgeber-Organisationen. Die Ausbildungsberater der Arbeitsagentur bieten regelm\u00e4\u00dfige Termine in der Schule an. Ein weiterer Schwerpunkt unserer Arbeit ist die Durchf\u00fchrung der<\/p>\n","protected":false},"author":2,"featured_media":0,"parent":132,"menu_order":0,"comment_status":"closed","ping_status":"closed","template":"","meta":{"footnotes":""},"class_list":["post-143","page","type-page","status-publish","hentry","","tg-column-two"],"_links":{"self":[{"href":"https:\/\/wkge-en.de\/wkge\/wp-json\/wp\/v2\/pages\/143","targetHints":{"allow":["GET"]}}],"collection":[{"href":"https:\/\/wkge-en.de\/wkge\/wp-json\/wp\/v2\/pages"}],"about":[{"href":"https:\/\/wkge-en.de\/wkge\/wp-json\/wp\/v2\/types\/page"}],"author":[{"embeddable":true,"href":"https:\/\/wkge-en.de\/wkge\/wp-json\/wp\/v2\/users\/2"}],"replies":[{"embeddable":true,"href":"https:\/\/wkge-en.de\/wkge\/wp-json\/wp\/v2\/comments?post=143"}],"version-history":[{"count":2,"href":"https:\/\/wkge-en.de\/wkge\/wp-json\/wp\/v2\/pages\/143\/revisions"}],"predecessor-version":[{"id":146,"href":"https:\/\/wkge-en.de\/wkge\/wp-json\/wp\/v2\/pages\/143\/revisions\/146"}],"up":[{"embeddable":true,"href":"https:\/\/wkge-en.de\/wkge\/wp-json\/wp\/v2\/pages\/132"}],"wp:attachment":[{"href":"https:\/\/wkge-en.de\/wkge\/wp-json\/wp\/v2\/media?parent=143"}],"curies":[{"name":"wp","href":"https:\/\/api.w.org\/{rel}","templated":true}]}}