{"id":164,"date":"2018-12-06T12:49:43","date_gmt":"2018-12-06T11:49:43","guid":{"rendered":"http:\/\/wkge-en.de\/wkge\/?page_id=164"},"modified":"2018-12-06T12:50:54","modified_gmt":"2018-12-06T11:50:54","slug":"die-neue-klasse","status":"publish","type":"page","link":"https:\/\/wkge-en.de\/wkge\/unsere-schule\/schulprogramm\/die-wilhelm-kraft-gesamtschule\/gesamtschulstruktur\/die-neue-klasse\/","title":{"rendered":"Die neue Klasse"},"content":{"rendered":"\t\t<div data-elementor-type=\"wp-post\" data-elementor-id=\"164\" class=\"elementor elementor-164 elementor-bc-flex-widget\">\n\t\t\t\t\t\t<section class=\"elementor-section elementor-top-section elementor-element elementor-element-a8c0ac5 elementor-section-boxed elementor-section-height-default elementor-section-height-default\" data-id=\"a8c0ac5\" data-element_type=\"section\" data-e-type=\"section\">\n\t\t\t\t\t\t<div class=\"elementor-container elementor-column-gap-default\">\n\t\t\t\t\t<div class=\"elementor-column elementor-col-100 elementor-top-column elementor-element elementor-element-479b111\" data-id=\"479b111\" data-element_type=\"column\" data-e-type=\"column\">\n\t\t\t<div class=\"elementor-widget-wrap elementor-element-populated\">\n\t\t\t\t\t\t<div class=\"elementor-element elementor-element-f421b17 elementor-widget elementor-widget-heading\" data-id=\"f421b17\" data-element_type=\"widget\" data-e-type=\"widget\" data-widget_type=\"heading.default\">\n\t\t\t\t<div class=\"elementor-widget-container\">\n\t\t\t\t\t<h2 class=\"elementor-heading-title elementor-size-default\">Die neue Klasse<\/h2>\t\t\t\t<\/div>\n\t\t\t\t<\/div>\n\t\t\t\t\t<\/div>\n\t\t<\/div>\n\t\t\t\t\t<\/div>\n\t\t<\/section>\n\t\t\t\t<section class=\"elementor-section elementor-top-section elementor-element elementor-element-8991f87 elementor-section-boxed elementor-section-height-default elementor-section-height-default\" data-id=\"8991f87\" data-element_type=\"section\" data-e-type=\"section\">\n\t\t\t\t\t\t<div class=\"elementor-container elementor-column-gap-default\">\n\t\t\t\t\t<div class=\"elementor-column elementor-col-100 elementor-top-column elementor-element elementor-element-83905c3\" data-id=\"83905c3\" data-element_type=\"column\" data-e-type=\"column\">\n\t\t\t<div class=\"elementor-widget-wrap elementor-element-populated\">\n\t\t\t\t\t\t<div class=\"elementor-element elementor-element-faa5a60 elementor-widget elementor-widget-text-editor\" data-id=\"faa5a60\" data-element_type=\"widget\" data-e-type=\"widget\" data-widget_type=\"text-editor.default\">\n\t\t\t\t<div class=\"elementor-widget-container\">\n\t\t\t\t\t\t\t\t\t<div class=\"region region-content\"><div id=\"block-system-main\" class=\"block block-system\"><div class=\"content\"><div id=\"node-75\" class=\"node node-book node-promoted clearfix\"><div class=\"content clearfix\"><div class=\"field field-name-body field-type-text-with-summary field-label-hidden\"><div class=\"field-items\"><div class=\"field-item even\"><p>Der Unterricht in den Klassen 5 und 6 erfolgt fast ausnahmslos im Klassenverband.<\/p><p>Ihr Kind kommt von einer kleinen Schule in unsere vollausgebaute, sechsz\u00fcgige Gesamtschule. Unser Anspruch ist es, dass es sich so schnell wie m\u00f6glich an die neue Schule gew\u00f6hnt und sich wohlf\u00fchlt. Gerade im f\u00fcnften Jahrgang kommt es auf die Entwicklung fester Beziehungen der Sch\u00fcler und Sch\u00fclerinnen untereinander und zu ihren Lehrern und Lehrerinnen an. Die Zahl der in einer Klasse unterrichtenden Lehrkr\u00e4fte wird m\u00f6glichst klein gehalten und jede Klasse sowohl durch zwei Klassenlehrer oder Klassenlehrerinnen betreut. Das p\u00e4dagogische Grundprinzip des sozialen Lernens basiert auf dem Programm <a class=\"ext\" href=\"http:\/\/www.lions-quest.de\/\" target=\"_blank\" rel=\"noopener noreferrer\">Lions Quest<\/a>.<\/p><p>Bei der <strong>Zusammenstellung der Klassen<\/strong> beachten wir:<\/p><ul><li>die W\u00fcnsche hinsichtlich der <a href=\"http:\/\/wilhelm-kraft-gesamtschule.de\/profilklassen\">Profil<\/a>-Wahlen unter dem Gesichtspunkt der Jungen-M\u00e4dchen-Verteilung,<\/li><li>dass kleine Gruppen von Sch\u00fclerinnen und Sch\u00fclern einer Herkunftsgrundschule zusammen bleiben,<\/li><li>dass Elternw\u00fcnsche soweit wie m\u00f6glich ber\u00fccksichtigt werden.<\/li><\/ul><p>Unsere <strong>Unterrichtszeit<\/strong> ist von 8.00 Uhr bis sp\u00e4testens 15.55 Uhr. Der Dienstag-Nachmittag ist grunds\u00e4tzlich unterrichtsfrei, da er f\u00fcr Fachkonferenzen und p\u00e4dagogische Konferenzen vorgesehen ist. An den \u00fcbrigen Nachmittagen wird je nach Unterrichtstafel unterrichtet. Am Donnerstag-Nachmittag finden die zahlreichen <a class=\"new\" title=\"Arbeitsgemeinschaften (Seite nicht vorhanden)\" href=\"https:\/\/wilhelm-kraft-gesamtschule.de\/schulprogramm\/ganztag#ag\">Arbeitsgemeinschaften<\/a> statt, vor allem die <a href=\"http:\/\/wilhelm-kraft-gesamtschule.de\/profilklassen\">Profil<\/a>-AGs.<\/p><p>Nach den ersten zwei Stunden ist eine 20-min\u00fctige Fr\u00fchst\u00fcckspause, nach der vierten Stunde eine weitere von 15 Minuten. Nach der sechsten Stunde beginnt die einst\u00fcndige Mittagspause (13.20 &#8211; 14.20 Uhr).<\/p><p>Alle Klassen werden in den Jahrgangsstufen 5 und 6 mit zwei Klassenleitungen besetzt. Die Klassenlehrerinnen und Klassenlehrer beginnen mit der Betreuung der Kinder durch Besuche der Grundschule im Laufe des 2. Halbjahrs der 4. Klasse.<\/p><p class=\"rteright\"><em>M\u00e4rz 2012<\/em><\/p><\/div><\/div><\/div><\/div><\/div><\/div><\/div><\/div>\t\t\t\t\t\t\t\t<\/div>\n\t\t\t\t<\/div>\n\t\t\t\t\t<\/div>\n\t\t<\/div>\n\t\t\t\t\t<\/div>\n\t\t<\/section>\n\t\t\t\t<\/div>\n\t\t","protected":false},"excerpt":{"rendered":"<p>Die neue Klasse Der Unterricht in den Klassen 5 und 6 erfolgt fast ausnahmslos im Klassenverband. Ihr Kind kommt von einer kleinen Schule in unsere vollausgebaute, sechsz\u00fcgige Gesamtschule. Unser Anspruch ist es, dass es sich so schnell wie m\u00f6glich an die neue Schule gew\u00f6hnt und sich wohlf\u00fchlt. Gerade im f\u00fcnften Jahrgang kommt es auf die Entwicklung fester Beziehungen der Sch\u00fcler und Sch\u00fclerinnen untereinander und zu ihren Lehrern und Lehrerinnen an. Die Zahl der in einer Klasse unterrichtenden Lehrkr\u00e4fte wird m\u00f6glichst klein gehalten und jede Klasse sowohl durch zwei Klassenlehrer oder Klassenlehrerinnen betreut. Das p\u00e4dagogische Grundprinzip des sozialen Lernens basiert auf dem Programm Lions Quest. Bei der Zusammenstellung der Klassen beachten wir: die W\u00fcnsche hinsichtlich der Profil-Wahlen unter dem Gesichtspunkt der Jungen-M\u00e4dchen-Verteilung, dass kleine Gruppen von Sch\u00fclerinnen und Sch\u00fclern einer Herkunftsgrundschule zusammen bleiben, dass Elternw\u00fcnsche soweit wie m\u00f6glich ber\u00fccksichtigt werden. Unsere Unterrichtszeit ist von 8.00 Uhr bis sp\u00e4testens 15.55 Uhr. Der<\/p>\n","protected":false},"author":2,"featured_media":0,"parent":162,"menu_order":0,"comment_status":"closed","ping_status":"closed","template":"","meta":{"footnotes":""},"class_list":["post-164","page","type-page","status-publish","hentry","","tg-column-two"],"_links":{"self":[{"href":"https:\/\/wkge-en.de\/wkge\/wp-json\/wp\/v2\/pages\/164","targetHints":{"allow":["GET"]}}],"collection":[{"href":"https:\/\/wkge-en.de\/wkge\/wp-json\/wp\/v2\/pages"}],"about":[{"href":"https:\/\/wkge-en.de\/wkge\/wp-json\/wp\/v2\/types\/page"}],"author":[{"embeddable":true,"href":"https:\/\/wkge-en.de\/wkge\/wp-json\/wp\/v2\/users\/2"}],"replies":[{"embeddable":true,"href":"https:\/\/wkge-en.de\/wkge\/wp-json\/wp\/v2\/comments?post=164"}],"version-history":[{"count":2,"href":"https:\/\/wkge-en.de\/wkge\/wp-json\/wp\/v2\/pages\/164\/revisions"}],"predecessor-version":[{"id":166,"href":"https:\/\/wkge-en.de\/wkge\/wp-json\/wp\/v2\/pages\/164\/revisions\/166"}],"up":[{"embeddable":true,"href":"https:\/\/wkge-en.de\/wkge\/wp-json\/wp\/v2\/pages\/162"}],"wp:attachment":[{"href":"https:\/\/wkge-en.de\/wkge\/wp-json\/wp\/v2\/media?parent=164"}],"curies":[{"name":"wp","href":"https:\/\/api.w.org\/{rel}","templated":true}]}}

<div data-elementor-type="wp-post" data-elementor-id="164" class="elementor elementor-164 elementor-bc-flex-widget">
						<section class="elementor-section elementor-top-section elementor-element elementor-element-a8c0ac5 elementor-section-boxed elementor-section-height-default elementor-section-height-default" data-id="a8c0ac5" data-element_type="section" data-e-type="section">
						<div class="elementor-container elementor-column-gap-default">
					<div class="elementor-column elementor-col-100 elementor-top-column elementor-element elementor-element-479b111" data-id="479b111" data-element_type="column" data-e-type="column">
			<div class="elementor-widget-wrap elementor-element-populated">
						<div class="elementor-element elementor-element-f421b17 elementor-widget elementor-widget-heading" data-id="f421b17" data-element_type="widget" data-e-type="widget" data-widget_type="heading.default">
				<div class="elementor-widget-container">
					<h2 class="elementor-heading-title elementor-size-default">Die neue Klasse</h2>				</div>
				</div>
					</div>
		</div>
					</div>
		</section>
				<section class="elementor-section elementor-top-section elementor-element elementor-element-8991f87 elementor-section-boxed elementor-section-height-default elementor-section-height-default" data-id="8991f87" data-element_type="section" data-e-type="section">
						<div class="elementor-container elementor-column-gap-default">
					<div class="elementor-column elementor-col-100 elementor-top-column elementor-element elementor-element-83905c3" data-id="83905c3" data-element_type="column" data-e-type="column">
			<div class="elementor-widget-wrap elementor-element-populated">
						<div class="elementor-element elementor-element-faa5a60 elementor-widget elementor-widget-text-editor" data-id="faa5a60" data-element_type="widget" data-e-type="widget" data-widget_type="text-editor.default">
				<div class="elementor-widget-container">
									<div class="region region-content"><div id="block-system-main" class="block block-system"><div class="content"><div id="node-75" class="node node-book node-promoted clearfix"><div class="content clearfix"><div class="field field-name-body field-type-text-with-summary field-label-hidden"><div class="field-items"><div class="field-item even"><p>Der Unterricht in den Klassen 5 und 6 erfolgt fast ausnahmslos im Klassenverband.</p><p>Ihr Kind kommt von einer kleinen Schule in unsere vollausgebaute, sechszügige Gesamtschule. Unser Anspruch ist es, dass es sich so schnell wie möglich an die neue Schule gewöhnt und sich wohlfühlt. Gerade im fünften Jahrgang kommt es auf die Entwicklung fester Beziehungen der Schüler und Schülerinnen untereinander und zu ihren Lehrern und Lehrerinnen an. Die Zahl der in einer Klasse unterrichtenden Lehrkräfte wird möglichst klein gehalten und jede Klasse sowohl durch zwei Klassenlehrer oder Klassenlehrerinnen betreut. Das pädagogische Grundprinzip des sozialen Lernens basiert auf dem Programm <a class="ext" href="http://www.lions-quest.de/" target="_blank" rel="noopener noreferrer">Lions Quest</a>.</p><p>Bei der <strong>Zusammenstellung der Klassen</strong> beachten wir:</p><ul><li>die Wünsche hinsichtlich der <a href="http://wilhelm-kraft-gesamtschule.de/profilklassen">Profil</a>-Wahlen unter dem Gesichtspunkt der Jungen-Mädchen-Verteilung,</li><li>dass kleine Gruppen von Schülerinnen und Schülern einer Herkunftsgrundschule zusammen bleiben,</li><li>dass Elternwünsche soweit wie möglich berücksichtigt werden.</li></ul><p>Unsere <strong>Unterrichtszeit</strong> ist von 8.00 Uhr bis spätestens 15.55 Uhr. Der Dienstag-Nachmittag ist grundsätzlich unterrichtsfrei, da er für Fachkonferenzen und pädagogische Konferenzen vorgesehen ist. An den übrigen Nachmittagen wird je nach Unterrichtstafel unterrichtet. Am Donnerstag-Nachmittag finden die zahlreichen <a class="new" title="Arbeitsgemeinschaften (Seite nicht vorhanden)" href="https://wilhelm-kraft-gesamtschule.de/schulprogramm/ganztag#ag">Arbeitsgemeinschaften</a> statt, vor allem die <a href="http://wilhelm-kraft-gesamtschule.de/profilklassen">Profil</a>-AGs.</p><p>Nach den ersten zwei Stunden ist eine 20-minütige Frühstückspause, nach der vierten Stunde eine weitere von 15 Minuten. Nach der sechsten Stunde beginnt die einstündige Mittagspause (13.20 &#8211; 14.20 Uhr).</p><p>Alle Klassen werden in den Jahrgangsstufen 5 und 6 mit zwei Klassenleitungen besetzt. Die Klassenlehrerinnen und Klassenlehrer beginnen mit der Betreuung der Kinder durch Besuche der Grundschule im Laufe des 2. Halbjahrs der 4. Klasse.</p><p class="rteright"><em>März 2012</em></p></div></div></div></div></div></div></div></div>								</div>
				</div>
					</div>
		</div>
					</div>
		</section>
				</div>

<p>Die neue Klasse Der Unterricht in den Klassen 5 und 6 erfolgt fast ausnahmslos im Klassenverband. Ihr Kind kommt von einer kleinen Schule in unsere vollausgebaute, sechszügige Gesamtschule. Unser Anspruch ist es, dass es sich so schnell wie möglich an die neue Schule gewöhnt und sich wohlfühlt. Gerade im fünften Jahrgang kommt es auf die Entwicklung fester Beziehungen der Schüler und Schülerinnen untereinander und zu ihren Lehrern und Lehrerinnen an. Die Zahl der in einer Klasse unterrichtenden Lehrkräfte wird möglichst klein gehalten und jede Klasse sowohl durch zwei Klassenlehrer oder Klassenlehrerinnen betreut. Das pädagogische Grundprinzip des sozialen Lernens basiert auf dem Programm Lions Quest. Bei der Zusammenstellung der Klassen beachten wir: die Wünsche hinsichtlich der Profil-Wahlen unter dem Gesichtspunkt der Jungen-Mädchen-Verteilung, dass kleine Gruppen von Schülerinnen und Schülern einer Herkunftsgrundschule zusammen bleiben, dass Elternwünsche soweit wie möglich berücksichtigt werden. Unsere Unterrichtszeit ist von 8.00 Uhr bis spätestens 15.55 Uhr. Der</p>
