{"id":167,"date":"2018-12-06T12:51:24","date_gmt":"2018-12-06T11:51:24","guid":{"rendered":"http:\/\/wkge-en.de\/wkge\/?page_id=167"},"modified":"2019-01-02T20:37:17","modified_gmt":"2019-01-02T19:37:17","slug":"der-ganztag","status":"publish","type":"page","link":"https:\/\/wkge-en.de\/wkge\/unsere-schule\/schulprogramm\/die-wilhelm-kraft-gesamtschule\/gesamtschulstruktur\/der-ganztag\/","title":{"rendered":"Der Ganztag"},"content":{"rendered":"\t\t<div data-elementor-type=\"wp-post\" data-elementor-id=\"167\" class=\"elementor elementor-167 elementor-bc-flex-widget\">\n\t\t\t\t\t\t<section class=\"elementor-section elementor-top-section elementor-element elementor-element-db0e9cf elementor-section-boxed elementor-section-height-default elementor-section-height-default\" data-id=\"db0e9cf\" data-element_type=\"section\" data-e-type=\"section\">\n\t\t\t\t\t\t<div class=\"elementor-container elementor-column-gap-default\">\n\t\t\t\t\t<div class=\"elementor-column elementor-col-100 elementor-top-column elementor-element elementor-element-16ae633\" data-id=\"16ae633\" data-element_type=\"column\" data-e-type=\"column\">\n\t\t\t<div class=\"elementor-widget-wrap elementor-element-populated\">\n\t\t\t\t\t\t<div class=\"elementor-element elementor-element-8711cac elementor-widget elementor-widget-heading\" data-id=\"8711cac\" data-element_type=\"widget\" data-e-type=\"widget\" data-widget_type=\"heading.default\">\n\t\t\t\t<div class=\"elementor-widget-container\">\n\t\t\t\t\t<h2 class=\"elementor-heading-title elementor-size-default\">Der Ganztag<\/h2>\t\t\t\t<\/div>\n\t\t\t\t<\/div>\n\t\t\t\t\t<\/div>\n\t\t<\/div>\n\t\t\t\t\t<\/div>\n\t\t<\/section>\n\t\t\t\t<section class=\"elementor-section elementor-top-section elementor-element elementor-element-23dcc21 elementor-section-boxed elementor-section-height-default elementor-section-height-default\" data-id=\"23dcc21\" data-element_type=\"section\" data-e-type=\"section\">\n\t\t\t\t\t\t<div class=\"elementor-container elementor-column-gap-default\">\n\t\t\t\t\t<div class=\"elementor-column elementor-col-100 elementor-top-column elementor-element elementor-element-d80a7ff\" data-id=\"d80a7ff\" data-element_type=\"column\" data-e-type=\"column\">\n\t\t\t<div class=\"elementor-widget-wrap elementor-element-populated\">\n\t\t\t\t\t\t<div class=\"elementor-element elementor-element-6e3bda3 elementor-widget elementor-widget-text-editor\" data-id=\"6e3bda3\" data-element_type=\"widget\" data-e-type=\"widget\" data-widget_type=\"text-editor.default\">\n\t\t\t\t<div class=\"elementor-widget-container\">\n\t\t\t\t\t\t\t\t\t<div class=\"region region-content\"><div id=\"block-system-main\" class=\"block block-system\"><div class=\"content\"><div id=\"node-38\" class=\"node node-book clearfix\"><div class=\"content clearfix\"><div class=\"field field-name-body field-type-text-with-summary field-label-hidden\"><div class=\"field-items\"><div class=\"field-item even\"><p>Ein Grund f\u00fcr das Interesse vieler Eltern an der Gesamtschule als weiterf\u00fchrende Schule f\u00fcr ihr Kind ist sicherlich auch der Ganztag. Ganztag bedeutet dabei nicht nur die sicherlich notwendige Sicherheit f\u00fcr Eltern, dass ihr Kind auch \u00fcber den Unterricht hinaus gut betreut wird, sondern meint auch eine intensive Einbeziehung der Elternschaft in den Lern- und Erziehungsprozess von Sch\u00fclerinnen und Sch\u00fclern. Die Mitwirkung der Eltern zeigt sich auf allen Ebenen der schulischen Mitwirkung und dar\u00fcber hinaus in der unverzichtbaren Einbeziehung der Eltern in die Ganztagsarbeit.<\/p><p>Im F\u00f6rderkonzept der Schule finden sich umfangreiche M\u00f6glichkeiten zur individuellen F\u00f6rderung. Diese Stunden dienen zum Beispiel der intensiveren Schulung von Kindern mit Migrationshintergrund.<\/p><p>Neben dem Unterricht in den verschiedenen F\u00e4chern gibt es die Arbeitsstunden, in denen die Sch\u00fclerinnen und Sch\u00fcler keine Hausaufgaben erledigen, sondern unter Anleitung lernen, die Aufgaben des Wochenplanes zu bearbeiten. Wochenplanaufgaben werden als l\u00e4ngerfristige Arbeitsauftr\u00e4ge zun\u00e4chst in den Langzeitf\u00e4chern Deutsch, Mathematik und Englisch gestellt. Die Arbeitsstunden werden in den Klassen 5 bis 8 grunds\u00e4tzlich von den Fachlehrerinnen und Fachlehrern erteilt. Dies erm\u00f6glicht eine intensive individuelle Betreuung auch im Hinblick auf die Behebung von Lernschwierigkeiten. In den Jahrgangsstufen 9 und 10 tritt an die Stelle der Arbeitsstunden eine Hausaufgabenbetreuung durch Fachlehrinnen und Fachlehrer.<\/p><p><a id=\"mittagspause\" name=\"mittagspause\"><\/a>In der Mittagszeit zwischen 13.20 und 14.20 Uhr bietet die Gesamtschule Anreize zur Entspannung und zur Ruhe. In dieser Stunde werden den Sch\u00fclern und Sch\u00fclerinnen zwei Mittagessen zur Wahl und Snacks angeboten. Selbstverst\u00e4ndlich wird auf Sch\u00fcler und Sch\u00fclerinnen muslimischen Glaubens R\u00fccksicht genommen.<\/p><p><a id=\"pausen\" name=\"pausen\"><\/a>W\u00e4hrend des Vormittages k\u00f6nnen die Kinder Getr\u00e4nke und Br\u00f6tchen in den Pausen in der von Eltern betriebenen Cafeteria und in der Mensa einnehmen.<\/p><p><a id=\"oa\" name=\"oa\"><\/a><a id=\"offene-angebote\" name=\"offene-angebote\"><\/a><a id=\"offenes-angebot\" name=\"offenes-angebot\"><\/a>Zudem finden in der Mittagszeit die offenen Angebote statt, offen deshalb, weil Sch\u00fcler und Sch\u00fclerinnen diese zu jedem Zeitpunkt w\u00e4hrend dieser Pause wahrnehmen und auch wieder verlassen k\u00f6nnen. Sie sind auch dank zuverl\u00e4ssiger Elternhilfe in ausreichender Zahl vorhanden und kommen nicht nur den unterschiedlichen Bed\u00fcrfnissen der Jugendlichen nach Bewegung und Ruhe entgegen, sondern unterst\u00fctzen und f\u00f6rdern die unterschiedlichsten Neigungen durch verschiedenste Angebote. F\u00fcr diese offenen Angebote stehen neben den Fachr\u00e4umen attraktive Freizeitr\u00e4ume zur Verf\u00fcgung.<\/p><p><a id=\"ag\" name=\"ag\"><\/a>Zahlreiche Arbeitsgemeinschaften werden am Donnerstagnachmittag von Eltern, Sch\u00fclerinnen und Sch\u00fclern, Lehrerinnen und Lehrern angeboten. Das Angebot an Arbeitsgemeinschaften reicht vom Computerkurs \u00fcber diverse sportliche Aktivit\u00e4ten bis hin zu technischen und k\u00fcnstlerischen Aktivit\u00e4ten.<\/p><p>In vielen Arbeitsgemeinschaften wird projektorientiert gearbeitet. Die Theater-AGs beispielsweise erarbeiten Auff\u00fchrungen, Ziel des Mofa-Kurses ist es, den F\u00fchrerschein zu vergeben.<\/p><p>Die Arbeitsgemeinschaften werden aufgrund von Wahlen f\u00fcr jeweils ein Schulhalbjahr eingerichtet. Die Teilnahme ist f\u00fcr diesen Zeitraum verpflichtend.<\/p><\/div><\/div><\/div><\/div><\/div><\/div><\/div><\/div>\t\t\t\t\t\t\t\t<\/div>\n\t\t\t\t<\/div>\n\t\t\t\t\t<\/div>\n\t\t<\/div>\n\t\t\t\t\t<\/div>\n\t\t<\/section>\n\t\t\t\t<\/div>\n\t\t","protected":false},"excerpt":{"rendered":"<p>Der Ganztag Ein Grund f\u00fcr das Interesse vieler Eltern an der Gesamtschule als weiterf\u00fchrende Schule f\u00fcr ihr Kind ist sicherlich auch der Ganztag. Ganztag bedeutet dabei nicht nur die sicherlich notwendige Sicherheit f\u00fcr Eltern, dass ihr Kind auch \u00fcber den Unterricht hinaus gut betreut wird, sondern meint auch eine intensive Einbeziehung der Elternschaft in den Lern- und Erziehungsprozess von Sch\u00fclerinnen und Sch\u00fclern. Die Mitwirkung der Eltern zeigt sich auf allen Ebenen der schulischen Mitwirkung und dar\u00fcber hinaus in der unverzichtbaren Einbeziehung der Eltern in die Ganztagsarbeit. Im F\u00f6rderkonzept der Schule finden sich umfangreiche M\u00f6glichkeiten zur individuellen F\u00f6rderung. Diese Stunden dienen zum Beispiel der intensiveren Schulung von Kindern mit Migrationshintergrund. Neben dem Unterricht in den verschiedenen F\u00e4chern gibt es die Arbeitsstunden, in denen die Sch\u00fclerinnen und Sch\u00fcler keine Hausaufgaben erledigen, sondern unter Anleitung lernen, die Aufgaben des Wochenplanes zu bearbeiten. Wochenplanaufgaben werden als l\u00e4ngerfristige Arbeitsauftr\u00e4ge zun\u00e4chst in den Langzeitf\u00e4chern Deutsch, Mathematik<\/p>\n","protected":false},"author":2,"featured_media":0,"parent":162,"menu_order":0,"comment_status":"closed","ping_status":"closed","template":"","meta":{"footnotes":""},"class_list":["post-167","page","type-page","status-publish","hentry","","tg-column-two"],"_links":{"self":[{"href":"https:\/\/wkge-en.de\/wkge\/wp-json\/wp\/v2\/pages\/167","targetHints":{"allow":["GET"]}}],"collection":[{"href":"https:\/\/wkge-en.de\/wkge\/wp-json\/wp\/v2\/pages"}],"about":[{"href":"https:\/\/wkge-en.de\/wkge\/wp-json\/wp\/v2\/types\/page"}],"author":[{"embeddable":true,"href":"https:\/\/wkge-en.de\/wkge\/wp-json\/wp\/v2\/users\/2"}],"replies":[{"embeddable":true,"href":"https:\/\/wkge-en.de\/wkge\/wp-json\/wp\/v2\/comments?post=167"}],"version-history":[{"count":4,"href":"https:\/\/wkge-en.de\/wkge\/wp-json\/wp\/v2\/pages\/167\/revisions"}],"predecessor-version":[{"id":2629,"href":"https:\/\/wkge-en.de\/wkge\/wp-json\/wp\/v2\/pages\/167\/revisions\/2629"}],"up":[{"embeddable":true,"href":"https:\/\/wkge-en.de\/wkge\/wp-json\/wp\/v2\/pages\/162"}],"wp:attachment":[{"href":"https:\/\/wkge-en.de\/wkge\/wp-json\/wp\/v2\/media?parent=167"}],"curies":[{"name":"wp","href":"https:\/\/api.w.org\/{rel}","templated":true}]}}