{"id":170,"date":"2018-12-06T12:52:59","date_gmt":"2018-12-06T11:52:59","guid":{"rendered":"http:\/\/wkge-en.de\/wkge\/?page_id=170"},"modified":"2018-12-06T12:53:34","modified_gmt":"2018-12-06T11:53:34","slug":"differenzierung-in-der-sekundarstufe-i","status":"publish","type":"page","link":"https:\/\/wkge-en.de\/wkge\/unsere-schule\/schulprogramm\/die-wilhelm-kraft-gesamtschule\/gesamtschulstruktur\/differenzierung-in-der-sekundarstufe-i\/","title":{"rendered":"Differenzierung in der Sekundarstufe I"},"content":{"rendered":"\t\t<div data-elementor-type=\"wp-post\" data-elementor-id=\"170\" class=\"elementor elementor-170 elementor-bc-flex-widget\">\n\t\t\t\t\t\t<section class=\"elementor-section elementor-top-section elementor-element elementor-element-980b713 elementor-section-boxed elementor-section-height-default elementor-section-height-default\" data-id=\"980b713\" data-element_type=\"section\" data-e-type=\"section\">\n\t\t\t\t\t\t<div class=\"elementor-container elementor-column-gap-default\">\n\t\t\t\t\t<div class=\"elementor-column elementor-col-100 elementor-top-column elementor-element elementor-element-7e0a906\" data-id=\"7e0a906\" data-element_type=\"column\" data-e-type=\"column\">\n\t\t\t<div class=\"elementor-widget-wrap elementor-element-populated\">\n\t\t\t\t\t\t<div class=\"elementor-element elementor-element-2e3390f elementor-widget elementor-widget-heading\" data-id=\"2e3390f\" data-element_type=\"widget\" data-e-type=\"widget\" data-widget_type=\"heading.default\">\n\t\t\t\t<div class=\"elementor-widget-container\">\n\t\t\t\t\t<h2 class=\"elementor-heading-title elementor-size-default\">Differenzierung in der Sekundarstufe I<\/h2>\t\t\t\t<\/div>\n\t\t\t\t<\/div>\n\t\t\t\t\t<\/div>\n\t\t<\/div>\n\t\t\t\t\t<\/div>\n\t\t<\/section>\n\t\t\t\t<section class=\"elementor-section elementor-top-section elementor-element elementor-element-21eb54f elementor-section-boxed elementor-section-height-default elementor-section-height-default\" data-id=\"21eb54f\" data-element_type=\"section\" data-e-type=\"section\">\n\t\t\t\t\t\t<div class=\"elementor-container elementor-column-gap-default\">\n\t\t\t\t\t<div class=\"elementor-column elementor-col-100 elementor-top-column elementor-element elementor-element-3c46eb4\" data-id=\"3c46eb4\" data-element_type=\"column\" data-e-type=\"column\">\n\t\t\t<div class=\"elementor-widget-wrap elementor-element-populated\">\n\t\t\t\t\t\t<div class=\"elementor-element elementor-element-aefa296 elementor-widget elementor-widget-text-editor\" data-id=\"aefa296\" data-element_type=\"widget\" data-e-type=\"widget\" data-widget_type=\"text-editor.default\">\n\t\t\t\t<div class=\"elementor-widget-container\">\n\t\t\t\t\t\t\t\t\t<div class=\"region region-content\"><div id=\"block-system-main\" class=\"block block-system\"><div class=\"content\"><div id=\"node-76\" class=\"node node-book node-promoted clearfix\"><div class=\"content clearfix\"><div class=\"field field-name-body field-type-text-with-summary field-label-hidden\"><div class=\"field-items\"><div class=\"field-item even\"><p><strong>Ab Klasse 6<\/strong> tritt neben den Unterricht im Klassenverband der Kursunterricht.<\/p><p>Nach entsprechender intensiver Beratung setzt in der Jahrgangsstufe 6 der <a href=\"https:\/\/wilhelm-kraft-gesamtschule.de\/schulprogramm\/wp\">Wahlpflichtbereich<\/a> ein. So k\u00f6nnen Sch\u00fclerinnen und Sch\u00fcler ein in der Regel dreist\u00fcndiges Fach aus dem Angebot ausw\u00e4hlen und bereits einen Schwerpunkt nach ihren eigenen Neigungen und F\u00e4higkeiten setzen: Wir bieten die M\u00f6glichkeiten, die F\u00e4cher <a href=\"http:\/\/wilhelm-kraft-gesamtschule.de\/arbeitslehre\">Arbeitslehre<\/a>, <a href=\"http:\/\/wilhelm-kraft-gesamtschule.de\/nw\">Naturwissenschaft<\/a>, <a href=\"http:\/\/wilhelm-kraft-gesamtschule.de\/darstellen-und-gestalten\">Darstellen und Gestalten<\/a> oder als zweite Fremdsprache das Fach <a href=\"http:\/\/wilhelm-kraft-gesamtschule.de\/franzoesisch\">Franz\u00f6sisch<\/a> zu w\u00e4hlen.<\/p><p>Die Kursbildung (Differenzierung) erfolgt nach Leistung und Neigung der Sch\u00fcler und Sch\u00fclerinnen. Im 7. Schuljahr erfolgt in <strong>Englisch<\/strong> eine \u00e4u\u00dfere Differenzierung in Grundkurse und Erweiterungskurse. Im Fach <strong>Mathematik<\/strong> geschieht die Fachleistungsdifferenzierung als Binnendifferenzierung im Klassenverband. Im 9. Schuljahr folgt die \u00e4u\u00dfere Differenzierung im Fach <strong>Deutsch<\/strong>.<\/p><p>In den Grundkursen werden besonders die F\u00e4higkeiten, Fertigkeiten und Kenntnisse aus dem Grundplan vermittelt. Es wird Gelerntes vertieft und gesichert. Im Erweiterungskurs werden zus\u00e4tzliche Anforderungen gestellt. Die Lernangebote sind thematisch erweitert und werden umfassender bearbeitet.<\/p><p><strong>Ab Klasse 8<\/strong> verringert sich der im Klassenverband organisierte Unterricht noch mehr, weil nach der neuen Ausbildungs- und Pr\u00fcfungsordnung f\u00fcr die Sekundarstufe I des Landes NRW <a href=\"https:\/\/wilhelm-kraft-gesamtschule.de\/schulprogramm\/module\">zus\u00e4tzliche Stunden f\u00fcr gesonderte F\u00f6rderung<\/a> vorgesehen sind. Hier kann auch eine weitere Fremdsprache (<a href=\"http:\/\/wilhelm-kraft-gesamtschule.de\/latein\">Latein<\/a>) begonnen werden. F\u00fcr Sch\u00fclerinnen und Sch\u00fcler, die nicht Latein w\u00e4hlen, bietet die Schule f\u00fcr die Jahrg\u00e4nge 9 und 10 <a href=\"http:\/\/wilhelm-kraft-gesamtschule.de\/schulprogramm\/module\">berufsvorbereitende Module<\/a> in den Erg\u00e4nzungsstunden an, mit denen wir alle Sch\u00fclerinnen und Sch\u00fcler gezielt individuell und bezogen auf realisierbare Schulabschl\u00fcsse f\u00f6rdern.<\/p><p><strong>In der Jahrgangsstufe 9<\/strong> erfolgt eine weitere Fachleistungsdifferenzierung in dem Fach <strong>Chemie<\/strong>.<\/p><p><strong>In der <a href=\"https:\/\/wilhelm-kraft-gesamtschule.de\/schulprogramm\/oberstufe\">gymnasialen Oberstufe<\/a><\/strong> gibt es dann keine Klassen mehr. Das Kurssystem l\u00f6st den Unterricht im Klassenverband ab.<\/p><p class=\"rteright\"><em>M\u00e4rz 2012<\/em><\/p><\/div><\/div><\/div><\/div><\/div><\/div><\/div><\/div>\t\t\t\t\t\t\t\t<\/div>\n\t\t\t\t<\/div>\n\t\t\t\t\t<\/div>\n\t\t<\/div>\n\t\t\t\t\t<\/div>\n\t\t<\/section>\n\t\t\t\t<\/div>\n\t\t","protected":false},"excerpt":{"rendered":"<p>Differenzierung in der Sekundarstufe I Ab Klasse 6 tritt neben den Unterricht im Klassenverband der Kursunterricht. Nach entsprechender intensiver Beratung setzt in der Jahrgangsstufe 6 der Wahlpflichtbereich ein. So k\u00f6nnen Sch\u00fclerinnen und Sch\u00fcler ein in der Regel dreist\u00fcndiges Fach aus dem Angebot ausw\u00e4hlen und bereits einen Schwerpunkt nach ihren eigenen Neigungen und F\u00e4higkeiten setzen: Wir bieten die M\u00f6glichkeiten, die F\u00e4cher Arbeitslehre, Naturwissenschaft, Darstellen und Gestalten oder als zweite Fremdsprache das Fach Franz\u00f6sisch zu w\u00e4hlen. Die Kursbildung (Differenzierung) erfolgt nach Leistung und Neigung der Sch\u00fcler und Sch\u00fclerinnen. Im 7. Schuljahr erfolgt in Englisch eine \u00e4u\u00dfere Differenzierung in Grundkurse und Erweiterungskurse. Im Fach Mathematik geschieht die Fachleistungsdifferenzierung als Binnendifferenzierung im Klassenverband. Im 9. Schuljahr folgt die \u00e4u\u00dfere Differenzierung im Fach Deutsch. In den Grundkursen werden besonders die F\u00e4higkeiten, Fertigkeiten und Kenntnisse aus dem Grundplan vermittelt. Es wird Gelerntes vertieft und gesichert. Im Erweiterungskurs werden zus\u00e4tzliche Anforderungen gestellt. Die Lernangebote sind thematisch erweitert<\/p>\n","protected":false},"author":2,"featured_media":0,"parent":162,"menu_order":0,"comment_status":"closed","ping_status":"closed","template":"","meta":{"footnotes":""},"class_list":["post-170","page","type-page","status-publish","hentry","","tg-column-two"],"_links":{"self":[{"href":"https:\/\/wkge-en.de\/wkge\/wp-json\/wp\/v2\/pages\/170","targetHints":{"allow":["GET"]}}],"collection":[{"href":"https:\/\/wkge-en.de\/wkge\/wp-json\/wp\/v2\/pages"}],"about":[{"href":"https:\/\/wkge-en.de\/wkge\/wp-json\/wp\/v2\/types\/page"}],"author":[{"embeddable":true,"href":"https:\/\/wkge-en.de\/wkge\/wp-json\/wp\/v2\/users\/2"}],"replies":[{"embeddable":true,"href":"https:\/\/wkge-en.de\/wkge\/wp-json\/wp\/v2\/comments?post=170"}],"version-history":[{"count":2,"href":"https:\/\/wkge-en.de\/wkge\/wp-json\/wp\/v2\/pages\/170\/revisions"}],"predecessor-version":[{"id":172,"href":"https:\/\/wkge-en.de\/wkge\/wp-json\/wp\/v2\/pages\/170\/revisions\/172"}],"up":[{"embeddable":true,"href":"https:\/\/wkge-en.de\/wkge\/wp-json\/wp\/v2\/pages\/162"}],"wp:attachment":[{"href":"https:\/\/wkge-en.de\/wkge\/wp-json\/wp\/v2\/media?parent=170"}],"curies":[{"name":"wp","href":"https:\/\/api.w.org\/{rel}","templated":true}]}}

<div data-elementor-type="wp-post" data-elementor-id="170" class="elementor elementor-170 elementor-bc-flex-widget">
						<section class="elementor-section elementor-top-section elementor-element elementor-element-980b713 elementor-section-boxed elementor-section-height-default elementor-section-height-default" data-id="980b713" data-element_type="section" data-e-type="section">
						<div class="elementor-container elementor-column-gap-default">
					<div class="elementor-column elementor-col-100 elementor-top-column elementor-element elementor-element-7e0a906" data-id="7e0a906" data-element_type="column" data-e-type="column">
			<div class="elementor-widget-wrap elementor-element-populated">
						<div class="elementor-element elementor-element-2e3390f elementor-widget elementor-widget-heading" data-id="2e3390f" data-element_type="widget" data-e-type="widget" data-widget_type="heading.default">
				<div class="elementor-widget-container">
					<h2 class="elementor-heading-title elementor-size-default">Differenzierung in der Sekundarstufe I</h2>				</div>
				</div>
					</div>
		</div>
					</div>
		</section>
				<section class="elementor-section elementor-top-section elementor-element elementor-element-21eb54f elementor-section-boxed elementor-section-height-default elementor-section-height-default" data-id="21eb54f" data-element_type="section" data-e-type="section">
						<div class="elementor-container elementor-column-gap-default">
					<div class="elementor-column elementor-col-100 elementor-top-column elementor-element elementor-element-3c46eb4" data-id="3c46eb4" data-element_type="column" data-e-type="column">
			<div class="elementor-widget-wrap elementor-element-populated">
						<div class="elementor-element elementor-element-aefa296 elementor-widget elementor-widget-text-editor" data-id="aefa296" data-element_type="widget" data-e-type="widget" data-widget_type="text-editor.default">
				<div class="elementor-widget-container">
									<div class="region region-content"><div id="block-system-main" class="block block-system"><div class="content"><div id="node-76" class="node node-book node-promoted clearfix"><div class="content clearfix"><div class="field field-name-body field-type-text-with-summary field-label-hidden"><div class="field-items"><div class="field-item even"><p><strong>Ab Klasse 6</strong> tritt neben den Unterricht im Klassenverband der Kursunterricht.</p><p>Nach entsprechender intensiver Beratung setzt in der Jahrgangsstufe 6 der <a href="https://wilhelm-kraft-gesamtschule.de/schulprogramm/wp">Wahlpflichtbereich</a> ein. So können Schülerinnen und Schüler ein in der Regel dreistündiges Fach aus dem Angebot auswählen und bereits einen Schwerpunkt nach ihren eigenen Neigungen und Fähigkeiten setzen: Wir bieten die Möglichkeiten, die Fächer <a href="http://wilhelm-kraft-gesamtschule.de/arbeitslehre">Arbeitslehre</a>, <a href="http://wilhelm-kraft-gesamtschule.de/nw">Naturwissenschaft</a>, <a href="http://wilhelm-kraft-gesamtschule.de/darstellen-und-gestalten">Darstellen und Gestalten</a> oder als zweite Fremdsprache das Fach <a href="http://wilhelm-kraft-gesamtschule.de/franzoesisch">Französisch</a> zu wählen.</p><p>Die Kursbildung (Differenzierung) erfolgt nach Leistung und Neigung der Schüler und Schülerinnen. Im 7. Schuljahr erfolgt in <strong>Englisch</strong> eine äußere Differenzierung in Grundkurse und Erweiterungskurse. Im Fach <strong>Mathematik</strong> geschieht die Fachleistungsdifferenzierung als Binnendifferenzierung im Klassenverband. Im 9. Schuljahr folgt die äußere Differenzierung im Fach <strong>Deutsch</strong>.</p><p>In den Grundkursen werden besonders die Fähigkeiten, Fertigkeiten und Kenntnisse aus dem Grundplan vermittelt. Es wird Gelerntes vertieft und gesichert. Im Erweiterungskurs werden zusätzliche Anforderungen gestellt. Die Lernangebote sind thematisch erweitert und werden umfassender bearbeitet.</p><p><strong>Ab Klasse 8</strong> verringert sich der im Klassenverband organisierte Unterricht noch mehr, weil nach der neuen Ausbildungs- und Prüfungsordnung für die Sekundarstufe I des Landes NRW <a href="https://wilhelm-kraft-gesamtschule.de/schulprogramm/module">zusätzliche Stunden für gesonderte Förderung</a> vorgesehen sind. Hier kann auch eine weitere Fremdsprache (<a href="http://wilhelm-kraft-gesamtschule.de/latein">Latein</a>) begonnen werden. Für Schülerinnen und Schüler, die nicht Latein wählen, bietet die Schule für die Jahrgänge 9 und 10 <a href="http://wilhelm-kraft-gesamtschule.de/schulprogramm/module">berufsvorbereitende Module</a> in den Ergänzungsstunden an, mit denen wir alle Schülerinnen und Schüler gezielt individuell und bezogen auf realisierbare Schulabschlüsse fördern.</p><p><strong>In der Jahrgangsstufe 9</strong> erfolgt eine weitere Fachleistungsdifferenzierung in dem Fach <strong>Chemie</strong>.</p><p><strong>In der <a href="https://wilhelm-kraft-gesamtschule.de/schulprogramm/oberstufe">gymnasialen Oberstufe</a></strong> gibt es dann keine Klassen mehr. Das Kurssystem löst den Unterricht im Klassenverband ab.</p><p class="rteright"><em>März 2012</em></p></div></div></div></div></div></div></div></div>								</div>
				</div>
					</div>
		</div>
					</div>
		</section>
				</div>

<p>Differenzierung in der Sekundarstufe I Ab Klasse 6 tritt neben den Unterricht im Klassenverband der Kursunterricht. Nach entsprechender intensiver Beratung setzt in der Jahrgangsstufe 6 der Wahlpflichtbereich ein. So können Schülerinnen und Schüler ein in der Regel dreistündiges Fach aus dem Angebot auswählen und bereits einen Schwerpunkt nach ihren eigenen Neigungen und Fähigkeiten setzen: Wir bieten die Möglichkeiten, die Fächer Arbeitslehre, Naturwissenschaft, Darstellen und Gestalten oder als zweite Fremdsprache das Fach Französisch zu wählen. Die Kursbildung (Differenzierung) erfolgt nach Leistung und Neigung der Schüler und Schülerinnen. Im 7. Schuljahr erfolgt in Englisch eine äußere Differenzierung in Grundkurse und Erweiterungskurse. Im Fach Mathematik geschieht die Fachleistungsdifferenzierung als Binnendifferenzierung im Klassenverband. Im 9. Schuljahr folgt die äußere Differenzierung im Fach Deutsch. In den Grundkursen werden besonders die Fähigkeiten, Fertigkeiten und Kenntnisse aus dem Grundplan vermittelt. Es wird Gelerntes vertieft und gesichert. Im Erweiterungskurs werden zusätzliche Anforderungen gestellt. Die Lernangebote sind thematisch erweitert</p>
