{"id":275,"date":"2018-12-10T19:24:06","date_gmt":"2018-12-10T18:24:06","guid":{"rendered":"http:\/\/wkge-en.de\/wkge\/?page_id=275"},"modified":"2019-02-10T19:51:23","modified_gmt":"2019-02-10T18:51:23","slug":"die-schulbibliothek","status":"publish","type":"page","link":"https:\/\/wkge-en.de\/wkge\/unsere-schule\/schulprogramm\/schule-als-lebensraum\/die-schulbibliothek\/","title":{"rendered":"Die Schulbibliothek"},"content":{"rendered":"\t\t<div data-elementor-type=\"wp-post\" data-elementor-id=\"275\" class=\"elementor elementor-275 elementor-bc-flex-widget\">\n\t\t\t\t\t\t<section class=\"elementor-section elementor-top-section elementor-element elementor-element-e0f1992 elementor-section-boxed elementor-section-height-default elementor-section-height-default\" data-id=\"e0f1992\" data-element_type=\"section\" data-e-type=\"section\">\n\t\t\t\t\t\t<div class=\"elementor-container elementor-column-gap-default\">\n\t\t\t\t\t<div class=\"elementor-column elementor-col-100 elementor-top-column elementor-element elementor-element-155f205\" data-id=\"155f205\" data-element_type=\"column\" data-e-type=\"column\">\n\t\t\t<div class=\"elementor-widget-wrap elementor-element-populated\">\n\t\t\t\t\t\t<div class=\"elementor-element elementor-element-d6f5a9d elementor-widget elementor-widget-heading\" data-id=\"d6f5a9d\" data-element_type=\"widget\" data-e-type=\"widget\" data-widget_type=\"heading.default\">\n\t\t\t\t<div class=\"elementor-widget-container\">\n\t\t\t\t\t<h2 class=\"elementor-heading-title elementor-size-default\">Die Schulbibliothek<\/h2>\t\t\t\t<\/div>\n\t\t\t\t<\/div>\n\t\t\t\t\t<\/div>\n\t\t<\/div>\n\t\t\t\t\t<\/div>\n\t\t<\/section>\n\t\t\t\t<section class=\"elementor-section elementor-top-section elementor-element elementor-element-15244fb elementor-section-boxed elementor-section-height-default elementor-section-height-default\" data-id=\"15244fb\" data-element_type=\"section\" data-e-type=\"section\">\n\t\t\t\t\t\t<div class=\"elementor-container elementor-column-gap-default\">\n\t\t\t\t\t<div class=\"elementor-column elementor-col-100 elementor-top-column elementor-element elementor-element-8ae642c\" data-id=\"8ae642c\" data-element_type=\"column\" data-e-type=\"column\">\n\t\t\t<div class=\"elementor-widget-wrap elementor-element-populated\">\n\t\t\t\t\t\t<section class=\"elementor-section elementor-inner-section elementor-element elementor-element-d390bd4 elementor-section-boxed elementor-section-height-default elementor-section-height-default\" data-id=\"d390bd4\" data-element_type=\"section\" data-e-type=\"section\">\n\t\t\t\t\t\t<div class=\"elementor-container elementor-column-gap-default\">\n\t\t\t\t\t<div class=\"elementor-column elementor-col-50 elementor-inner-column elementor-element elementor-element-6d68f92\" data-id=\"6d68f92\" data-element_type=\"column\" data-e-type=\"column\">\n\t\t\t<div class=\"elementor-widget-wrap elementor-element-populated\">\n\t\t\t\t\t\t<div class=\"elementor-element elementor-element-79c2f13 elementor-widget elementor-widget-text-editor\" data-id=\"79c2f13\" data-element_type=\"widget\" data-e-type=\"widget\" data-widget_type=\"text-editor.default\">\n\t\t\t\t<div class=\"elementor-widget-container\">\n\t\t\t\t\t\t\t\t\t<p>In unserer Schule gibt es das integrierte Modell der\u00a0Schulbibliothek. Unsere \u00d6ffnungszeiten sind, soweit es m\u00f6glich ist, auf die Unterrichtszeiten der Sch\u00fcler und Sch\u00fclerinnen abgestellt und geben au\u00dferdem zeitlichen Raum f\u00fcr Freizeitaktivit\u00e4ten, die mit den Zielen einer Schulbibliothek \u00fcbereinstimmen.<\/p><p>Alle Sch\u00fcler und Sch\u00fclerinnen k\u00f6nnen w\u00e4hrend der Unterrichtsstunden f\u00fcr Referate, Freiarbeit, Wochenpl\u00e4ne und Unterricht Material suchen, finden und auswerten. Oberstufensch\u00fcler und -sch\u00fclerinnen k\u00f6nnen Freistunden mit sinnvoller Arbeit individuell nutzen. Die Sch\u00fcler und Sch\u00fclerinnen aller Stufen haben auch w\u00e4hrend der Mittagszeit Gelegenheit, im beaufsichtigten Arbeitsraum Medien f\u00fcr ihre Arbeit zu nutzen oder einfach einen m\u00f6glichst ruhigen Platz zu finden. Durch die gleichzeitige Arbeit aller Altersstufen kann den j\u00fcngeren Sch\u00fclern und Sch\u00fclerinnen h\u00e4ufig durch die \u00e4lteren geholfen werden. Dadurch ergeben sich oft positive Kontakte zwischen verschiedenen Altersgruppen. W\u00e4hrend der Mittagszeit und in den Vormittagspausen entleihen Sch\u00fcler und Sch\u00fclerinnen Medien, die sowohl f\u00fcr die schulische Arbeit als auch f\u00fcr private Interessen geeignet sind und halten sich gerne zum Lesen in der Bibliothek auf. Unser bisheriger Bestand umfasst neben B\u00fcchern auch eine gro\u00dfe Auswahl an Zeitschriften, CDs, und Videos f\u00fcr Unterrichtszwecke.<\/p><p>Wir versuchen, bei Neuanschaffungen m\u00f6glichst vielen Interessen- und Wissensgebieten Rechnung zu tragen; viele dieser Anschaffungen richten sich nach Lehrpl\u00e4nen und Unterrichtsthemen, die Anschaffungsw\u00fcnsche kommen von Lehrerinnen und Lehrern und nicht zuletzt von vielen Sch\u00fclern und Sch\u00fclerinnen.<\/p><p>Die Lesef\u00f6rderung ist eine der wichtigsten Aufgaben einer Schulbibliothek. Aktionen wie die regelm\u00e4\u00dfige Teilnahme am bundesweiten Vorlesewettbewerb der sechsten Klassen sind ebenfalls Bestandteil der Lesef\u00f6rderung wie auch z.B. die j\u00e4hrliche Durchf\u00fchrung von Lesungen zum \u201eWelttag des Buches\u201c oder Sonderveranstaltungen wie z.B. die \u201eLange Lesenacht\u201c. Besonders in den f\u00fcnften und sechsten Jahrg\u00e4ngen ist die Bibliothek integraler Bestandteil der Unterrichtspartitur Deutsch. Nicht zuletzt sind eine sorgf\u00e4ltige Auswahl des Medienbestandes eine Hilfe, bei Kindern Lesewilligkeit und Lesefreude zu wecken.<\/p><p>Unsere Schulbibliothek ist bewusst so eingerichtet, dass sich innerhalb der Schule so etwas wie ein wohnlicher und nahezu privater Bereich ergibt, die \u00c4hnlichkeit mit Klassenr\u00e4umen wurde mit Absicht vermieden, um eine Atmosph\u00e4re der Entspannung zu f\u00f6rdern. Dadurch gibt es viele Kinder, die sich in der Schulbibliothek auch ganz zweckfrei einfach wohlf\u00fchlen und zur Ruhe kommen k\u00f6nnen. Durch die t\u00e4glichen Kontakte in diesen R\u00e4umen ergeben sich h\u00e4ufig M\u00f6glichkeiten, in Gespr\u00e4chen und gemeinsamer Arbeit auf einzelne Kinder und ihre Besonderheiten einzugehen \u2013 und diese entspannte und entspannende Atmosph\u00e4re hilft vielen Sch\u00fclerinnen und Sch\u00fclern mit Sicherheit auch beim Lernen.<\/p><p><em>Stand: Februar 2019<\/em><\/p>\t\t\t\t\t\t\t\t<\/div>\n\t\t\t\t<\/div>\n\t\t\t\t\t<\/div>\n\t\t<\/div>\n\t\t\t\t<div class=\"elementor-column elementor-col-50 elementor-inner-column elementor-element elementor-element-7f49c67\" data-id=\"7f49c67\" data-element_type=\"column\" data-e-type=\"column\">\n\t\t\t<div class=\"elementor-widget-wrap elementor-element-populated\">\n\t\t\t\t\t\t<div class=\"elementor-element elementor-element-93bf918 elementor-widget elementor-widget-image\" data-id=\"93bf918\" data-element_type=\"widget\" data-e-type=\"widget\" data-widget_type=\"image.default\">\n\t\t\t\t<div class=\"elementor-widget-container\">\n\t\t\t\t\t\t\t\t\t\t\t\t\t\t\t<img decoding=\"async\" src=\"https:\/\/wkge-en.de\/wkge\/wp-content\/uploads\/Schulbibliothek1.jpg\" title=\"\" alt=\"\" loading=\"lazy\" \/>\t\t\t\t\t\t\t\t\t\t\t\t\t\t\t<\/div>\n\t\t\t\t<\/div>\n\t\t\t\t<div class=\"elementor-element elementor-element-3ab0d6f elementor-widget elementor-widget-image\" data-id=\"3ab0d6f\" data-element_type=\"widget\" data-e-type=\"widget\" data-widget_type=\"image.default\">\n\t\t\t\t<div class=\"elementor-widget-container\">\n\t\t\t\t\t\t\t\t\t\t\t\t\t\t\t<img decoding=\"async\" src=\"https:\/\/wkge-en.de\/wkge\/wp-content\/uploads\/Schulbibliothek2.jpg\" title=\"\" alt=\"\" loading=\"lazy\" \/>\t\t\t\t\t\t\t\t\t\t\t\t\t\t\t<\/div>\n\t\t\t\t<\/div>\n\t\t\t\t<div class=\"elementor-element elementor-element-7019c8a elementor-widget elementor-widget-image\" data-id=\"7019c8a\" data-element_type=\"widget\" data-e-type=\"widget\" data-widget_type=\"image.default\">\n\t\t\t\t<div class=\"elementor-widget-container\">\n\t\t\t\t\t\t\t\t\t\t\t\t\t\t\t<img decoding=\"async\" src=\"https:\/\/wkge-en.de\/wkge\/wp-content\/uploads\/Schulbibliothek3.jpg\" title=\"\" alt=\"\" loading=\"lazy\" \/>\t\t\t\t\t\t\t\t\t\t\t\t\t\t\t<\/div>\n\t\t\t\t<\/div>\n\t\t\t\t\t<\/div>\n\t\t<\/div>\n\t\t\t\t\t<\/div>\n\t\t<\/section>\n\t\t\t\t\t<\/div>\n\t\t<\/div>\n\t\t\t\t\t<\/div>\n\t\t<\/section>\n\t\t\t\t<\/div>\n\t\t","protected":false},"excerpt":{"rendered":"<p>Die Schulbibliothek In unserer Schule gibt es das integrierte Modell der\u00a0Schulbibliothek. Unsere \u00d6ffnungszeiten sind, soweit es m\u00f6glich ist, auf die Unterrichtszeiten der Sch\u00fcler und Sch\u00fclerinnen abgestellt und geben au\u00dferdem zeitlichen Raum f\u00fcr Freizeitaktivit\u00e4ten, die mit den Zielen einer Schulbibliothek \u00fcbereinstimmen. Alle Sch\u00fcler und Sch\u00fclerinnen k\u00f6nnen w\u00e4hrend der Unterrichtsstunden f\u00fcr Referate, Freiarbeit, Wochenpl\u00e4ne und Unterricht Material suchen, finden und auswerten. Oberstufensch\u00fcler und -sch\u00fclerinnen k\u00f6nnen Freistunden mit sinnvoller Arbeit individuell nutzen. Die Sch\u00fcler und Sch\u00fclerinnen aller Stufen haben auch w\u00e4hrend der Mittagszeit Gelegenheit, im beaufsichtigten Arbeitsraum Medien f\u00fcr ihre Arbeit zu nutzen oder einfach einen m\u00f6glichst ruhigen Platz zu finden. Durch die gleichzeitige Arbeit aller Altersstufen kann den j\u00fcngeren Sch\u00fclern und Sch\u00fclerinnen h\u00e4ufig durch die \u00e4lteren geholfen werden. Dadurch ergeben sich oft positive Kontakte zwischen verschiedenen Altersgruppen. W\u00e4hrend der Mittagszeit und in den Vormittagspausen entleihen Sch\u00fcler und Sch\u00fclerinnen Medien, die sowohl f\u00fcr die schulische Arbeit als auch f\u00fcr private Interessen geeignet sind<\/p>\n","protected":false},"author":2,"featured_media":0,"parent":241,"menu_order":0,"comment_status":"closed","ping_status":"closed","template":"","meta":{"footnotes":""},"class_list":["post-275","page","type-page","status-publish","hentry","","tg-column-two"],"_links":{"self":[{"href":"https:\/\/wkge-en.de\/wkge\/wp-json\/wp\/v2\/pages\/275","targetHints":{"allow":["GET"]}}],"collection":[{"href":"https:\/\/wkge-en.de\/wkge\/wp-json\/wp\/v2\/pages"}],"about":[{"href":"https:\/\/wkge-en.de\/wkge\/wp-json\/wp\/v2\/types\/page"}],"author":[{"embeddable":true,"href":"https:\/\/wkge-en.de\/wkge\/wp-json\/wp\/v2\/users\/2"}],"replies":[{"embeddable":true,"href":"https:\/\/wkge-en.de\/wkge\/wp-json\/wp\/v2\/comments?post=275"}],"version-history":[{"count":6,"href":"https:\/\/wkge-en.de\/wkge\/wp-json\/wp\/v2\/pages\/275\/revisions"}],"predecessor-version":[{"id":3388,"href":"https:\/\/wkge-en.de\/wkge\/wp-json\/wp\/v2\/pages\/275\/revisions\/3388"}],"up":[{"embeddable":true,"href":"https:\/\/wkge-en.de\/wkge\/wp-json\/wp\/v2\/pages\/241"}],"wp:attachment":[{"href":"https:\/\/wkge-en.de\/wkge\/wp-json\/wp\/v2\/media?parent=275"}],"curies":[{"name":"wp","href":"https:\/\/api.w.org\/{rel}","templated":true}]}}