{"id":280,"date":"2018-12-10T19:25:23","date_gmt":"2018-12-10T18:25:23","guid":{"rendered":"http:\/\/wkge-en.de\/wkge\/?page_id=280"},"modified":"2018-12-10T19:26:07","modified_gmt":"2018-12-10T18:26:07","slug":"die-zusammenarbeit-mit-den-kirchen-in-hasslinghausen","status":"publish","type":"page","link":"https:\/\/wkge-en.de\/wkge\/unsere-schule\/schulprogramm\/schule-als-lebensraum\/die-zusammenarbeit-mit-den-kirchen-in-hasslinghausen\/","title":{"rendered":"Die Zusammenarbeit mit den Kirchen in Ha\u00dflinghausen"},"content":{"rendered":"\t\t<div data-elementor-type=\"wp-post\" data-elementor-id=\"280\" class=\"elementor elementor-280 elementor-bc-flex-widget\">\n\t\t\t\t\t\t<section class=\"elementor-section elementor-top-section elementor-element elementor-element-7e03c33 elementor-section-boxed elementor-section-height-default elementor-section-height-default\" data-id=\"7e03c33\" data-element_type=\"section\" data-e-type=\"section\">\n\t\t\t\t\t\t<div class=\"elementor-container elementor-column-gap-default\">\n\t\t\t\t\t<div class=\"elementor-column elementor-col-100 elementor-top-column elementor-element elementor-element-f185362\" data-id=\"f185362\" data-element_type=\"column\" data-e-type=\"column\">\n\t\t\t<div class=\"elementor-widget-wrap elementor-element-populated\">\n\t\t\t\t\t\t<div class=\"elementor-element elementor-element-1017929 elementor-widget elementor-widget-heading\" data-id=\"1017929\" data-element_type=\"widget\" data-e-type=\"widget\" data-widget_type=\"heading.default\">\n\t\t\t\t<div class=\"elementor-widget-container\">\n\t\t\t\t\t<h2 class=\"elementor-heading-title elementor-size-default\">Die Zusammenarbeit mit den Kirchen in Ha\u00dflinghausen<\/h2>\t\t\t\t<\/div>\n\t\t\t\t<\/div>\n\t\t\t\t\t<\/div>\n\t\t<\/div>\n\t\t\t\t\t<\/div>\n\t\t<\/section>\n\t\t\t\t<section class=\"elementor-section elementor-top-section elementor-element elementor-element-37d74b5 elementor-section-boxed elementor-section-height-default elementor-section-height-default\" data-id=\"37d74b5\" data-element_type=\"section\" data-e-type=\"section\">\n\t\t\t\t\t\t<div class=\"elementor-container elementor-column-gap-default\">\n\t\t\t\t\t<div class=\"elementor-column elementor-col-100 elementor-top-column elementor-element elementor-element-81649f4\" data-id=\"81649f4\" data-element_type=\"column\" data-e-type=\"column\">\n\t\t\t<div class=\"elementor-widget-wrap elementor-element-populated\">\n\t\t\t\t\t\t<div class=\"elementor-element elementor-element-9e353b4 elementor-widget elementor-widget-text-editor\" data-id=\"9e353b4\" data-element_type=\"widget\" data-e-type=\"widget\" data-widget_type=\"text-editor.default\">\n\t\t\t\t<div class=\"elementor-widget-container\">\n\t\t\t\t\t\t\t\t\t<div class=\"field field-name-body field-type-text-with-summary field-label-hidden\"><div class=\"field-items\"><div class=\"field-item even\"><p>Gem\u00e4\u00df den Richtlinien und Lehrpl\u00e4nen f\u00fcr die F\u00e4cher evangelische und katholische Religionslehre sollen den Sch\u00fclern und Sch\u00fclerinnen in diesem Fach die religi\u00f6sen und ethischen Dimensionen im Horizont christlichen Glaubens aufgezeigt und in Beziehung gesetzt werden zu den gesellschaftsbezogenen Aufgaben, denen sich Menschen heute stellen m\u00fcssen. Der Religionsunterricht soll ihnen helfen, ihre Lebensbed\u00fcrfnisse und W\u00fcnsche zu bew\u00e4ltigen und ihnen dabei eine religi\u00f6se Orientierung bieten sowie Perspektiven der Hoffnung und Zuversicht aufzeigen. Die sollte durch au\u00dferunterrichtliche Aktionen und Kontakte unterst\u00fctzt werden. Hierzu k\u00f6nnen insbesondere die aus dem Unterricht erwachsenen Gottesdienste f\u00fcr unsere Schule dienen. In ihnen sollen die Kinder und Jugendlichen mit ihren Fragen und Zweifeln, ihren Hoffnungen und Tr\u00e4umen, ihren Sorgen und Problemen,ihren Freuden und Erlebnissen, ihren Hoch- und Tiefzeiten zur Sprache kommen und mit dem Text der Bibel in Beziehung gebracht werden. Dadurch kann es gelingen, dass der Glaube im Kontext des Lebens vollziehbar und das Leben im Licht des Glaubens verstehbar wird.<\/p><p>Die Gottesdienste unserer Schule bieten so die M\u00f6glichkeit, den Schulalltag zu unterbrechen, einander anders zu begegnen als im Unterricht, mitten im Schulalltag anzuhalten, sich selbst, die Mitsch\u00fcler und Mitsch\u00fclerinnen sowie die Lehrenden und vielleicht etwas von Gott zu sp\u00fcren und gemeinsam zu feiern.<\/p><p>An unserer Schule finden \u00fcber das Schuljahr verteilt zur Zeit Gottesdienste zu folgenden Gelegenheiten statt:<\/p><ul><li>Der Einschulungsgottesdienst f\u00fcr den 5. Jahrgang vorbereitet durch den 6. Jahrgang<\/li><li>Ein adventlicher Gottesdienst vor den Weihnachtsferien<\/li><li>Ein Gottesdienst in der Fastenzeit<\/li><li>Der Abschlussgottesdienst f\u00fcr den 10. Jahrgang<\/li><li>Der Gottesdienst der Abiturienten und Abiturientinnen<\/li><\/ul><p>Alle Gottesdienste werden im Religionsunterricht beider Konfessionen gemeinsam von Sch\u00fclern, Sch\u00fclerinnen, Lehrern und Lehrerinnen einer Jahrgangsstufe vorbereitet und lassen sich mit den in den Richtlinien und Lehrpl\u00e4nen vorgegebenen Schwerpunkten verkn\u00fcpfen.<\/p><\/div><\/div><\/div>\t\t\t\t\t\t\t\t<\/div>\n\t\t\t\t<\/div>\n\t\t\t\t\t<\/div>\n\t\t<\/div>\n\t\t\t\t\t<\/div>\n\t\t<\/section>\n\t\t\t\t<\/div>\n\t\t","protected":false},"excerpt":{"rendered":"<p>Die Zusammenarbeit mit den Kirchen in Ha\u00dflinghausen Gem\u00e4\u00df den Richtlinien und Lehrpl\u00e4nen f\u00fcr die F\u00e4cher evangelische und katholische Religionslehre sollen den Sch\u00fclern und Sch\u00fclerinnen in diesem Fach die religi\u00f6sen und ethischen Dimensionen im Horizont christlichen Glaubens aufgezeigt und in Beziehung gesetzt werden zu den gesellschaftsbezogenen Aufgaben, denen sich Menschen heute stellen m\u00fcssen. Der Religionsunterricht soll ihnen helfen, ihre Lebensbed\u00fcrfnisse und W\u00fcnsche zu bew\u00e4ltigen und ihnen dabei eine religi\u00f6se Orientierung bieten sowie Perspektiven der Hoffnung und Zuversicht aufzeigen. Die sollte durch au\u00dferunterrichtliche Aktionen und Kontakte unterst\u00fctzt werden. Hierzu k\u00f6nnen insbesondere die aus dem Unterricht erwachsenen Gottesdienste f\u00fcr unsere Schule dienen. In ihnen sollen die Kinder und Jugendlichen mit ihren Fragen und Zweifeln, ihren Hoffnungen und Tr\u00e4umen, ihren Sorgen und Problemen,ihren Freuden und Erlebnissen, ihren Hoch- und Tiefzeiten zur Sprache kommen und mit dem Text der Bibel in Beziehung gebracht werden. Dadurch kann es gelingen, dass der Glaube im Kontext des Lebens<\/p>\n","protected":false},"author":2,"featured_media":0,"parent":241,"menu_order":0,"comment_status":"closed","ping_status":"closed","template":"","meta":{"footnotes":""},"class_list":["post-280","page","type-page","status-publish","hentry","","tg-column-two"],"_links":{"self":[{"href":"https:\/\/wkge-en.de\/wkge\/wp-json\/wp\/v2\/pages\/280","targetHints":{"allow":["GET"]}}],"collection":[{"href":"https:\/\/wkge-en.de\/wkge\/wp-json\/wp\/v2\/pages"}],"about":[{"href":"https:\/\/wkge-en.de\/wkge\/wp-json\/wp\/v2\/types\/page"}],"author":[{"embeddable":true,"href":"https:\/\/wkge-en.de\/wkge\/wp-json\/wp\/v2\/users\/2"}],"replies":[{"embeddable":true,"href":"https:\/\/wkge-en.de\/wkge\/wp-json\/wp\/v2\/comments?post=280"}],"version-history":[{"count":3,"href":"https:\/\/wkge-en.de\/wkge\/wp-json\/wp\/v2\/pages\/280\/revisions"}],"predecessor-version":[{"id":283,"href":"https:\/\/wkge-en.de\/wkge\/wp-json\/wp\/v2\/pages\/280\/revisions\/283"}],"up":[{"embeddable":true,"href":"https:\/\/wkge-en.de\/wkge\/wp-json\/wp\/v2\/pages\/241"}],"wp:attachment":[{"href":"https:\/\/wkge-en.de\/wkge\/wp-json\/wp\/v2\/media?parent=280"}],"curies":[{"name":"wp","href":"https:\/\/api.w.org\/{rel}","templated":true}]}}