{"id":295,"date":"2018-12-10T19:38:36","date_gmt":"2018-12-10T18:38:36","guid":{"rendered":"http:\/\/wkge-en.de\/wkge\/?page_id=295"},"modified":"2018-12-10T19:39:42","modified_gmt":"2018-12-10T18:39:42","slug":"erziehungsziele","status":"publish","type":"page","link":"https:\/\/wkge-en.de\/wkge\/unsere-schule\/schulprogramm\/erziehung\/erziehungsziele\/","title":{"rendered":"Erziehungsziele"},"content":{"rendered":"\t\t<div data-elementor-type=\"wp-post\" data-elementor-id=\"295\" class=\"elementor elementor-295 elementor-bc-flex-widget\">\n\t\t\t\t\t\t<section class=\"elementor-section elementor-top-section elementor-element elementor-element-76a02e7 elementor-section-boxed elementor-section-height-default elementor-section-height-default\" data-id=\"76a02e7\" data-element_type=\"section\" data-e-type=\"section\">\n\t\t\t\t\t\t<div class=\"elementor-container elementor-column-gap-default\">\n\t\t\t\t\t<div class=\"elementor-column elementor-col-100 elementor-top-column elementor-element elementor-element-ff25dc4\" data-id=\"ff25dc4\" data-element_type=\"column\" data-e-type=\"column\">\n\t\t\t<div class=\"elementor-widget-wrap elementor-element-populated\">\n\t\t\t\t\t\t<div class=\"elementor-element elementor-element-20fefc6 elementor-widget elementor-widget-heading\" data-id=\"20fefc6\" data-element_type=\"widget\" data-e-type=\"widget\" data-widget_type=\"heading.default\">\n\t\t\t\t<div class=\"elementor-widget-container\">\n\t\t\t\t\t<h2 class=\"elementor-heading-title elementor-size-default\">Erziehungsziele<\/h2>\t\t\t\t<\/div>\n\t\t\t\t<\/div>\n\t\t\t\t\t<\/div>\n\t\t<\/div>\n\t\t\t\t\t<\/div>\n\t\t<\/section>\n\t\t\t\t<section class=\"elementor-section elementor-top-section elementor-element elementor-element-8c88ad9 elementor-section-boxed elementor-section-height-default elementor-section-height-default\" data-id=\"8c88ad9\" data-element_type=\"section\" data-e-type=\"section\">\n\t\t\t\t\t\t<div class=\"elementor-container elementor-column-gap-default\">\n\t\t\t\t\t<div class=\"elementor-column elementor-col-100 elementor-top-column elementor-element elementor-element-f7bf35d\" data-id=\"f7bf35d\" data-element_type=\"column\" data-e-type=\"column\">\n\t\t\t<div class=\"elementor-widget-wrap elementor-element-populated\">\n\t\t\t\t\t\t<div class=\"elementor-element elementor-element-7d1a7de elementor-widget elementor-widget-text-editor\" data-id=\"7d1a7de\" data-element_type=\"widget\" data-e-type=\"widget\" data-widget_type=\"text-editor.default\">\n\t\t\t\t<div class=\"elementor-widget-container\">\n\t\t\t\t\t\t\t\t\t<div class=\"field field-name-body field-type-text-with-summary field-label-hidden\"><div class=\"field-items\"><div class=\"field-item even\"><ol><li>Wir streben in der Erziehung Toleranz und Akzeptanz an.<\/li><li>Unter F\u00e4higkeit zur Anerkennung verstehen wir die gegenseitige Achtung von Personen und Eigentum, Umwelt und Sch\u00f6pfung sowie ein gegenseitiges Augenmerk auf das Wahrnehmen von positiven Eigenschaften \/ F\u00e4higkeiten \/ Handlungen im Gegen\u00fcber.<\/li><li>Das Ziel Lebenst\u00fcchtigkeit soll eine realistische Berufswahl und Lebensplanung beinhalten sowie die F\u00e4higkeit zur Selbstorganisation.<\/li><li>Die Arbeitshaltung von Sch\u00fclerinnen und Sch\u00fclern in der Schule soll durch Anstrengungsbereitschaft, Durchhalteverm\u00f6gen, Frustrationstoleranz und Leistungsbereitschaft gekennzeichnet sein.<\/li><\/ol><\/div><\/div><\/div>\t\t\t\t\t\t\t\t<\/div>\n\t\t\t\t<\/div>\n\t\t\t\t\t<\/div>\n\t\t<\/div>\n\t\t\t\t\t<\/div>\n\t\t<\/section>\n\t\t\t\t<\/div>\n\t\t","protected":false},"excerpt":{"rendered":"<p>Erziehungsziele Wir streben in der Erziehung Toleranz und Akzeptanz an. Unter F\u00e4higkeit zur Anerkennung verstehen wir die gegenseitige Achtung von Personen und Eigentum, Umwelt und Sch\u00f6pfung sowie ein gegenseitiges Augenmerk auf das Wahrnehmen von positiven Eigenschaften \/ F\u00e4higkeiten \/ Handlungen im Gegen\u00fcber. Das Ziel Lebenst\u00fcchtigkeit soll eine realistische Berufswahl und Lebensplanung beinhalten sowie die F\u00e4higkeit zur Selbstorganisation. Die Arbeitshaltung von Sch\u00fclerinnen und Sch\u00fclern in der Schule soll durch Anstrengungsbereitschaft, Durchhalteverm\u00f6gen, Frustrationstoleranz und Leistungsbereitschaft gekennzeichnet sein.<\/p>\n","protected":false},"author":2,"featured_media":0,"parent":293,"menu_order":0,"comment_status":"closed","ping_status":"closed","template":"","meta":{"footnotes":""},"class_list":["post-295","page","type-page","status-publish","hentry","","tg-column-two"],"_links":{"self":[{"href":"https:\/\/wkge-en.de\/wkge\/wp-json\/wp\/v2\/pages\/295","targetHints":{"allow":["GET"]}}],"collection":[{"href":"https:\/\/wkge-en.de\/wkge\/wp-json\/wp\/v2\/pages"}],"about":[{"href":"https:\/\/wkge-en.de\/wkge\/wp-json\/wp\/v2\/types\/page"}],"author":[{"embeddable":true,"href":"https:\/\/wkge-en.de\/wkge\/wp-json\/wp\/v2\/users\/2"}],"replies":[{"embeddable":true,"href":"https:\/\/wkge-en.de\/wkge\/wp-json\/wp\/v2\/comments?post=295"}],"version-history":[{"count":3,"href":"https:\/\/wkge-en.de\/wkge\/wp-json\/wp\/v2\/pages\/295\/revisions"}],"predecessor-version":[{"id":298,"href":"https:\/\/wkge-en.de\/wkge\/wp-json\/wp\/v2\/pages\/295\/revisions\/298"}],"up":[{"embeddable":true,"href":"https:\/\/wkge-en.de\/wkge\/wp-json\/wp\/v2\/pages\/293"}],"wp:attachment":[{"href":"https:\/\/wkge-en.de\/wkge\/wp-json\/wp\/v2\/media?parent=295"}],"curies":[{"name":"wp","href":"https:\/\/api.w.org\/{rel}","templated":true}]}}