{"id":331,"date":"2018-12-10T20:28:06","date_gmt":"2018-12-10T19:28:06","guid":{"rendered":"http:\/\/wkge-en.de\/wkge\/?page_id=331"},"modified":"2019-09-28T20:39:32","modified_gmt":"2019-09-28T18:39:32","slug":"gender-mainstreaming-konzept","status":"publish","type":"page","link":"https:\/\/wkge-en.de\/wkge\/unsere-schule\/schulprogramm\/erziehung\/gender-mainstreaming-konzept\/","title":{"rendered":"Gender-Mainstreaming-Konzept"},"content":{"rendered":"\t\t<div data-elementor-type=\"wp-post\" data-elementor-id=\"331\" class=\"elementor elementor-331\">\n\t\t\t\t\t\t<section class=\"elementor-section elementor-top-section elementor-element elementor-element-f994f3a elementor-section-boxed elementor-section-height-default elementor-section-height-default\" data-id=\"f994f3a\" data-element_type=\"section\" data-e-type=\"section\">\n\t\t\t\t\t\t<div class=\"elementor-container elementor-column-gap-default\">\n\t\t\t\t\t<div class=\"elementor-column elementor-col-50 elementor-top-column elementor-element elementor-element-0bce0a6\" data-id=\"0bce0a6\" data-element_type=\"column\" data-e-type=\"column\">\n\t\t\t<div class=\"elementor-widget-wrap elementor-element-populated\">\n\t\t\t\t\t\t<div class=\"elementor-element elementor-element-8e6dff2 elementor-widget elementor-widget-text-editor\" data-id=\"8e6dff2\" data-element_type=\"widget\" data-e-type=\"widget\" data-widget_type=\"text-editor.default\">\n\t\t\t\t<div class=\"elementor-widget-container\">\n\t\t\t\t\t\t\t\t\t<h5 id=\"page-title\" class=\"title\" style=\"text-align: center;\"><a href=\"http:\/\/wkge-en.de\/wkge\/unsere-schule\/schulprogramm\/erziehung\/gender-mainstreaming-konzept\/girls-day-boys-day\/\">Girls&#8216; Day &#8211; Boys&#8216; Day<\/a><\/h5>\t\t\t\t\t\t\t\t<\/div>\n\t\t\t\t<\/div>\n\t\t\t\t\t<\/div>\n\t\t<\/div>\n\t\t\t\t<div class=\"elementor-column elementor-col-50 elementor-top-column elementor-element elementor-element-b66d236\" data-id=\"b66d236\" data-element_type=\"column\" data-e-type=\"column\">\n\t\t\t<div class=\"elementor-widget-wrap elementor-element-populated\">\n\t\t\t\t\t\t<div class=\"elementor-element elementor-element-a858a3d elementor-widget elementor-widget-text-editor\" data-id=\"a858a3d\" data-element_type=\"widget\" data-e-type=\"widget\" data-widget_type=\"text-editor.default\">\n\t\t\t\t<div class=\"elementor-widget-container\">\n\t\t\t\t\t\t\t\t\t<h5 id=\"page-title\" class=\"title\" style=\"text-align: center;\"><a href=\"http:\/\/wkge-en.de\/wkge\/unsere-schule\/schulprogramm\/erziehung\/gender-mainstreaming-konzept\/sexualpaedagogische-praevention-sexualerziehung\/\">Sexualp\u00e4dagogische Pr\u00e4vention \/ Sexualerziehung<\/a><\/h5>\t\t\t\t\t\t\t\t<\/div>\n\t\t\t\t<\/div>\n\t\t\t\t\t<\/div>\n\t\t<\/div>\n\t\t\t\t\t<\/div>\n\t\t<\/section>\n\t\t\t\t<section class=\"elementor-section elementor-top-section elementor-element elementor-element-8dca2b4 elementor-section-boxed elementor-section-height-default elementor-section-height-default\" data-id=\"8dca2b4\" data-element_type=\"section\" data-e-type=\"section\">\n\t\t\t\t\t\t<div class=\"elementor-container elementor-column-gap-default\">\n\t\t\t\t\t<div class=\"elementor-column elementor-col-100 elementor-top-column elementor-element elementor-element-6109583\" data-id=\"6109583\" data-element_type=\"column\" data-e-type=\"column\">\n\t\t\t<div class=\"elementor-widget-wrap elementor-element-populated\">\n\t\t\t\t\t\t<div class=\"elementor-element elementor-element-15a6ba5 elementor-widget elementor-widget-spacer\" data-id=\"15a6ba5\" data-element_type=\"widget\" data-e-type=\"widget\" data-widget_type=\"spacer.default\">\n\t\t\t\t<div class=\"elementor-widget-container\">\n\t\t\t\t\t\t\t<div class=\"elementor-spacer\">\n\t\t\t<div class=\"elementor-spacer-inner\"><\/div>\n\t\t<\/div>\n\t\t\t\t\t\t<\/div>\n\t\t\t\t<\/div>\n\t\t\t\t\t<\/div>\n\t\t<\/div>\n\t\t\t\t\t<\/div>\n\t\t<\/section>\n\t\t\t\t<section class=\"elementor-section elementor-top-section elementor-element elementor-element-4182f60 elementor-section-boxed elementor-section-height-default elementor-section-height-default\" data-id=\"4182f60\" data-element_type=\"section\" data-e-type=\"section\">\n\t\t\t\t\t\t<div class=\"elementor-container elementor-column-gap-default\">\n\t\t\t\t\t<div class=\"elementor-column elementor-col-100 elementor-top-column elementor-element elementor-element-fad4587\" data-id=\"fad4587\" data-element_type=\"column\" data-e-type=\"column\">\n\t\t\t<div class=\"elementor-widget-wrap elementor-element-populated\">\n\t\t\t\t\t\t<div class=\"elementor-element elementor-element-803f396 elementor-widget elementor-widget-heading\" data-id=\"803f396\" data-element_type=\"widget\" data-e-type=\"widget\" data-widget_type=\"heading.default\">\n\t\t\t\t<div class=\"elementor-widget-container\">\n\t\t\t\t\t<h2 class=\"elementor-heading-title elementor-size-default\">Gender-Mainstreaming-Konzept<\/h2>\t\t\t\t<\/div>\n\t\t\t\t<\/div>\n\t\t\t\t\t<\/div>\n\t\t<\/div>\n\t\t\t\t\t<\/div>\n\t\t<\/section>\n\t\t\t\t<section class=\"elementor-section elementor-top-section elementor-element elementor-element-045bf89 elementor-section-boxed elementor-section-height-default elementor-section-height-default\" data-id=\"045bf89\" data-element_type=\"section\" data-e-type=\"section\">\n\t\t\t\t\t\t<div class=\"elementor-container elementor-column-gap-default\">\n\t\t\t\t\t<div class=\"elementor-column elementor-col-100 elementor-top-column elementor-element elementor-element-54fae3c\" data-id=\"54fae3c\" data-element_type=\"column\" data-e-type=\"column\">\n\t\t\t<div class=\"elementor-widget-wrap elementor-element-populated\">\n\t\t\t\t\t\t<div class=\"elementor-element elementor-element-fcdf58c elementor-widget elementor-widget-text-editor\" data-id=\"fcdf58c\" data-element_type=\"widget\" data-e-type=\"widget\" data-widget_type=\"text-editor.default\">\n\t\t\t\t<div class=\"elementor-widget-container\">\n\t\t\t\t\t\t\t\t\t<div class=\"region region-content\"><div id=\"block-system-main\" class=\"block block-system\"><div class=\"content\"><div id=\"node-1267\" class=\"node node-book clearfix\"><div class=\"content clearfix\"><div class=\"field field-name-body field-type-text-with-summary field-label-hidden\"><div class=\"field-items\"><div class=\"field-item even\"><p class=\"rtejustify\">Qualit\u00e4t von Schule muss sich auch an der Antwort auf die Frage messen lassen, was sie zur F\u00f6rderung der Chancengleichheit der Geschlechter und zur Beseitigung von bestehenden geschlechtstypischen Nachteilen f\u00fcr M\u00e4dchen und Jungen, Frauen und M\u00e4nner leistet (\u00a7 2 Abs. 6 SchulG). Dies ergibt sich aus dem<\/p><p><strong>\u00a7 2 Bildungs- und Erziehungsauftrag der Schule<\/strong><\/p><p>(4) \u2026 Sch\u00fclerinnen und Sch\u00fcler werden in der Regel gemeinsam unterrichtet und erzogen (Koedukation).<\/p><p>(6) \u2026 Sie achtet den Grundsatz der Gleichberechtigung der Geschlechter und wirkt auf die Beseitigung bestehender Nachteile hin. \u2026<\/p><p>(Schulgesetz f\u00fcr das Land Nordrhein-Westfalen (Schulgesetz NRW \u2013 SchulG) vom 15. Februar 2005, zuletzt ge\u00e4ndert durch Gesetz vom 21. April 2009)<\/p><p>\u00a0<\/p><p>Zu diesem Arbeitsfeld hat eine Gruppe von Kolleginnen\/Sozialp\u00e4dagoginnen und Kollegen\/Sozialp\u00e4dagogen das <strong><a href=\"https:\/\/wkge-en.de\/wkge\/wp-content\/uploads\/Neufassung-des-Gender-Konzepts-der-WK-GE.pdf\">Gender-Mainstreaming-Konzept der Wilhelm-Kraft-Gesamtschule<\/a> <\/strong>erarbeitet, das von Lehrerkonferenz und Schulkonferenz angenommen wurde.<\/p><\/div><p>\u00a0<\/p><p><strong>Fazit und Auftrag f\u00fcr die WKGE<\/strong><\/p><p>Gender Mainstreaming ist eine gesetzlich festgelegte Kernaufgabe von Schule und gilt als Querschnittsaufgabe in der Schul- und Unterrichtsentwicklung. Sie geht alle Beteiligten im Schulleben an und ist daher auch von allen zu tragen, zu leben, zu unterst\u00fctzen und weiter zu entwickeln.<\/p><p><em>September 2019 Die Gender-Gruppe WKGE<\/em><\/p><\/div><\/div><\/div><\/div><\/div><\/div><\/div>\t\t\t\t\t\t\t\t<\/div>\n\t\t\t\t<\/div>\n\t\t\t\t\t<\/div>\n\t\t<\/div>\n\t\t\t\t\t<\/div>\n\t\t<\/section>\n\t\t\t\t<section class=\"elementor-section elementor-top-section elementor-element elementor-element-df3e6f9 elementor-section-boxed elementor-section-height-default elementor-section-height-default\" data-id=\"df3e6f9\" data-element_type=\"section\" data-e-type=\"section\">\n\t\t\t\t\t\t<div class=\"elementor-container elementor-column-gap-default\">\n\t\t\t\t\t<div class=\"elementor-column elementor-col-100 elementor-top-column elementor-element elementor-element-0ed0975\" data-id=\"0ed0975\" data-element_type=\"column\" data-e-type=\"column\">\n\t\t\t<div class=\"elementor-widget-wrap elementor-element-populated\">\n\t\t\t\t\t\t<div class=\"elementor-element elementor-element-21e8c12 elementor-widget elementor-widget-text-editor\" data-id=\"21e8c12\" data-element_type=\"widget\" data-e-type=\"widget\" data-widget_type=\"text-editor.default\">\n\t\t\t\t<div class=\"elementor-widget-container\">\n\t\t\t\t\t\t\t\t\t<p><strong>Anhang:<\/strong> <a href=\"https:\/\/wkge-en.de\/wkge\/wp-content\/uploads\/Neufassung-des-Gender-Konzepts-der-WK-GE.pdf\">Das Konzept als Download<\/a><\/p>\t\t\t\t\t\t\t\t<\/div>\n\t\t\t\t<\/div>\n\t\t\t\t\t<\/div>\n\t\t<\/div>\n\t\t\t\t\t<\/div>\n\t\t<\/section>\n\t\t\t\t<\/div>\n\t\t","protected":false},"excerpt":{"rendered":"<p>Girls&#8216; Day &#8211; Boys&#8216; Day Sexualp\u00e4dagogische Pr\u00e4vention \/ Sexualerziehung Gender-Mainstreaming-Konzept Qualit\u00e4t von Schule muss sich auch an der Antwort auf die Frage messen lassen, was sie zur F\u00f6rderung der Chancengleichheit der Geschlechter und zur Beseitigung von bestehenden geschlechtstypischen Nachteilen f\u00fcr M\u00e4dchen und Jungen, Frauen und M\u00e4nner leistet (\u00a7 2 Abs. 6 SchulG). Dies ergibt sich aus dem \u00a7 2 Bildungs- und Erziehungsauftrag der Schule (4) \u2026 Sch\u00fclerinnen und Sch\u00fcler werden in der Regel gemeinsam unterrichtet und erzogen (Koedukation). (6) \u2026 Sie achtet den Grundsatz der Gleichberechtigung der Geschlechter und wirkt auf die Beseitigung bestehender Nachteile hin. \u2026 (Schulgesetz f\u00fcr das Land Nordrhein-Westfalen (Schulgesetz NRW \u2013 SchulG) vom 15. Februar 2005, zuletzt ge\u00e4ndert durch Gesetz vom 21. April 2009) \u00a0 Zu diesem Arbeitsfeld hat eine Gruppe von Kolleginnen\/Sozialp\u00e4dagoginnen und Kollegen\/Sozialp\u00e4dagogen das Gender-Mainstreaming-Konzept der Wilhelm-Kraft-Gesamtschule erarbeitet, das von Lehrerkonferenz und Schulkonferenz angenommen wurde. \u00a0 Fazit und Auftrag f\u00fcr die WKGE Gender Mainstreaming<\/p>\n","protected":false},"author":2,"featured_media":0,"parent":293,"menu_order":0,"comment_status":"closed","ping_status":"closed","template":"","meta":{"footnotes":""},"class_list":["post-331","page","type-page","status-publish","hentry","","tg-column-two"],"_links":{"self":[{"href":"https:\/\/wkge-en.de\/wkge\/wp-json\/wp\/v2\/pages\/331","targetHints":{"allow":["GET"]}}],"collection":[{"href":"https:\/\/wkge-en.de\/wkge\/wp-json\/wp\/v2\/pages"}],"about":[{"href":"https:\/\/wkge-en.de\/wkge\/wp-json\/wp\/v2\/types\/page"}],"author":[{"embeddable":true,"href":"https:\/\/wkge-en.de\/wkge\/wp-json\/wp\/v2\/users\/2"}],"replies":[{"embeddable":true,"href":"https:\/\/wkge-en.de\/wkge\/wp-json\/wp\/v2\/comments?post=331"}],"version-history":[{"count":6,"href":"https:\/\/wkge-en.de\/wkge\/wp-json\/wp\/v2\/pages\/331\/revisions"}],"predecessor-version":[{"id":4174,"href":"https:\/\/wkge-en.de\/wkge\/wp-json\/wp\/v2\/pages\/331\/revisions\/4174"}],"up":[{"embeddable":true,"href":"https:\/\/wkge-en.de\/wkge\/wp-json\/wp\/v2\/pages\/293"}],"wp:attachment":[{"href":"https:\/\/wkge-en.de\/wkge\/wp-json\/wp\/v2\/media?parent=331"}],"curies":[{"name":"wp","href":"https:\/\/api.w.org\/{rel}","templated":true}]}}