{"id":355,"date":"2018-12-10T21:04:23","date_gmt":"2018-12-10T20:04:23","guid":{"rendered":"http:\/\/wkge-en.de\/wkge\/?page_id=355"},"modified":"2019-02-19T19:29:27","modified_gmt":"2019-02-19T18:29:27","slug":"studienfahrt-in-der-gymnasialen-oberstufe","status":"publish","type":"page","link":"https:\/\/wkge-en.de\/wkge\/unsere-schule\/schulprogramm\/erziehung\/studienfahrt-in-der-gymnasialen-oberstufe\/","title":{"rendered":"Studienfahrt in der gymnasialen Oberstufe"},"content":{"rendered":"\t\t<div data-elementor-type=\"wp-post\" data-elementor-id=\"355\" class=\"elementor elementor-355 elementor-bc-flex-widget\">\n\t\t\t\t\t\t<section class=\"elementor-section elementor-top-section elementor-element elementor-element-af72705 elementor-section-boxed elementor-section-height-default elementor-section-height-default\" data-id=\"af72705\" data-element_type=\"section\" data-e-type=\"section\">\n\t\t\t\t\t\t<div class=\"elementor-container elementor-column-gap-default\">\n\t\t\t\t\t<div class=\"elementor-column elementor-col-100 elementor-top-column elementor-element elementor-element-7734f59\" data-id=\"7734f59\" data-element_type=\"column\" data-e-type=\"column\">\n\t\t\t<div class=\"elementor-widget-wrap elementor-element-populated\">\n\t\t\t\t\t\t<div class=\"elementor-element elementor-element-0ad1be2 elementor-widget elementor-widget-heading\" data-id=\"0ad1be2\" data-element_type=\"widget\" data-e-type=\"widget\" data-widget_type=\"heading.default\">\n\t\t\t\t<div class=\"elementor-widget-container\">\n\t\t\t\t\t<h2 class=\"elementor-heading-title elementor-size-default\">Studienfahrten in der gymnasialen Oberstufe<\/h2>\t\t\t\t<\/div>\n\t\t\t\t<\/div>\n\t\t\t\t\t<\/div>\n\t\t<\/div>\n\t\t\t\t\t<\/div>\n\t\t<\/section>\n\t\t\t\t<section class=\"elementor-section elementor-top-section elementor-element elementor-element-7e91a36 elementor-section-boxed elementor-section-height-default elementor-section-height-default\" data-id=\"7e91a36\" data-element_type=\"section\" data-e-type=\"section\">\n\t\t\t\t\t\t<div class=\"elementor-container elementor-column-gap-default\">\n\t\t\t\t\t<div class=\"elementor-column elementor-col-100 elementor-top-column elementor-element elementor-element-9ae101c\" data-id=\"9ae101c\" data-element_type=\"column\" data-e-type=\"column\">\n\t\t\t<div class=\"elementor-widget-wrap elementor-element-populated\">\n\t\t\t\t\t\t<div class=\"elementor-element elementor-element-3576380 elementor-widget elementor-widget-text-editor\" data-id=\"3576380\" data-element_type=\"widget\" data-e-type=\"widget\" data-widget_type=\"text-editor.default\">\n\t\t\t\t<div class=\"elementor-widget-container\">\n\t\t\t\t\t\t\t\t\t<div class=\"region region-content\"><div id=\"block-system-main\" class=\"block block-system\"><div class=\"content\"><div id=\"node-46\" class=\"node node-book clearfix\"><div class=\"content clearfix\"><div class=\"field field-name-body field-type-text-with-summary field-label-hidden\"><div class=\"field-items\"><div class=\"field-item even\"><p>Zu Beginn der Jahrgangsstufe 11 (bis ca. Beginn 2. Halbjahr) ber\u00e4t das Jahrgangsteam (bes. die Beratungslehrerin\/der Beratungslehrer und die zuk\u00fcnftigen LK-Lehrer und Lehrerinnen) \u00fcber zwei Modelle und entscheiden.<\/p><p>Stufenfahrten finden im Herbst der Jahrgangsstufe 13 statt.<\/p><h4>Modell 1<\/h4><p><strong>LK-Fahrt:<\/strong> Die Stufe f\u00e4hrt LK-zentriert, die entsprechenden LKs suchen Ziele, die in unmittelbarem Zusammenhang mit der Unterrichtspartitur der 12,1 oder 12,2 oder 13,1 des jeweiligen Faches stehen.<\/p><p>Es sollte darauf geachtet werden, dass das Ziel substanziell mit dem Thema verbunden ist. Die Zielanbindung ist in der Unterrichtspartitur nachzuweisen.<\/p><p>Die Schiene, die keine Fahrt organisiert, hat die M\u00f6glichkeit, mit einem Restbudget in der 12 eine &#8222;Wochenend-Exkursion&#8220; zu einem best. Thema zu machen.<\/p><p>Rein rechnerisch w\u00e4ren in dieser Version sechs Begleitpersonen notwendig, im Modell 2 vier.<\/p><h4>Modell 2<\/h4><p><strong>Die Stufe f\u00e4hrt gemeinsam.<\/strong><\/p><p>Da sich bisher herausgestellt hat, dass diese Fahrten thematisch nur schwer im Unterricht zuzuordnen sind, wird eine thematische Fixierung vorgesehen:<\/p><dl><dt class=\"rteindent1\"><strong>&#8222;Die Einigung Europas &#8211; Begegnung mit den \u00f6stlichen Nachbarn&#8220;. <\/strong><\/dt><\/dl><p>Gesamtbudget: 400.&#8211; Euro, verrechenbar f\u00fcr alle Fahrten und Exkursionen, Buchf\u00fchrung \u00fcber Stufenleitung \/ AL.<\/p><\/div><\/div><\/div><\/div><\/div><\/div><\/div><\/div>\t\t\t\t\t\t\t\t<\/div>\n\t\t\t\t<\/div>\n\t\t\t\t\t<\/div>\n\t\t<\/div>\n\t\t\t\t\t<\/div>\n\t\t<\/section>\n\t\t\t\t<\/div>\n\t\t","protected":false},"excerpt":{"rendered":"<p>Studienfahrten in der gymnasialen Oberstufe Zu Beginn der Jahrgangsstufe 11 (bis ca. Beginn 2. Halbjahr) ber\u00e4t das Jahrgangsteam (bes. die Beratungslehrerin\/der Beratungslehrer und die zuk\u00fcnftigen LK-Lehrer und Lehrerinnen) \u00fcber zwei Modelle und entscheiden. Stufenfahrten finden im Herbst der Jahrgangsstufe 13 statt. Modell 1 LK-Fahrt: Die Stufe f\u00e4hrt LK-zentriert, die entsprechenden LKs suchen Ziele, die in unmittelbarem Zusammenhang mit der Unterrichtspartitur der 12,1 oder 12,2 oder 13,1 des jeweiligen Faches stehen. Es sollte darauf geachtet werden, dass das Ziel substanziell mit dem Thema verbunden ist. Die Zielanbindung ist in der Unterrichtspartitur nachzuweisen. Die Schiene, die keine Fahrt organisiert, hat die M\u00f6glichkeit, mit einem Restbudget in der 12 eine &#8222;Wochenend-Exkursion&#8220; zu einem best. Thema zu machen. Rein rechnerisch w\u00e4ren in dieser Version sechs Begleitpersonen notwendig, im Modell 2 vier. Modell 2 Die Stufe f\u00e4hrt gemeinsam. Da sich bisher herausgestellt hat, dass diese Fahrten thematisch nur schwer im Unterricht zuzuordnen sind, wird eine<\/p>\n","protected":false},"author":2,"featured_media":0,"parent":293,"menu_order":0,"comment_status":"closed","ping_status":"closed","template":"","meta":{"footnotes":""},"class_list":["post-355","page","type-page","status-publish","hentry","","tg-column-two"],"_links":{"self":[{"href":"https:\/\/wkge-en.de\/wkge\/wp-json\/wp\/v2\/pages\/355","targetHints":{"allow":["GET"]}}],"collection":[{"href":"https:\/\/wkge-en.de\/wkge\/wp-json\/wp\/v2\/pages"}],"about":[{"href":"https:\/\/wkge-en.de\/wkge\/wp-json\/wp\/v2\/types\/page"}],"author":[{"embeddable":true,"href":"https:\/\/wkge-en.de\/wkge\/wp-json\/wp\/v2\/users\/2"}],"replies":[{"embeddable":true,"href":"https:\/\/wkge-en.de\/wkge\/wp-json\/wp\/v2\/comments?post=355"}],"version-history":[{"count":4,"href":"https:\/\/wkge-en.de\/wkge\/wp-json\/wp\/v2\/pages\/355\/revisions"}],"predecessor-version":[{"id":3408,"href":"https:\/\/wkge-en.de\/wkge\/wp-json\/wp\/v2\/pages\/355\/revisions\/3408"}],"up":[{"embeddable":true,"href":"https:\/\/wkge-en.de\/wkge\/wp-json\/wp\/v2\/pages\/293"}],"wp:attachment":[{"href":"https:\/\/wkge-en.de\/wkge\/wp-json\/wp\/v2\/media?parent=355"}],"curies":[{"name":"wp","href":"https:\/\/api.w.org\/{rel}","templated":true}]}}