{"id":392,"date":"2018-12-10T21:21:09","date_gmt":"2018-12-10T20:21:09","guid":{"rendered":"http:\/\/wkge-en.de\/wkge\/?page_id=392"},"modified":"2018-12-10T21:22:31","modified_gmt":"2018-12-10T20:22:31","slug":"projekt-friedensdorf-oberhausen","status":"publish","type":"page","link":"https:\/\/wkge-en.de\/wkge\/unsere-schule\/schulprogramm\/erziehung\/projekt-friedensdorf-oberhausen\/","title":{"rendered":"Projekt Friedensdorf Oberhausen"},"content":{"rendered":"\t\t<div data-elementor-type=\"wp-post\" data-elementor-id=\"392\" class=\"elementor elementor-392 elementor-bc-flex-widget\">\n\t\t\t\t\t\t<section class=\"elementor-section elementor-top-section elementor-element elementor-element-91041c1 elementor-section-boxed elementor-section-height-default elementor-section-height-default\" data-id=\"91041c1\" data-element_type=\"section\" data-e-type=\"section\">\n\t\t\t\t\t\t<div class=\"elementor-container elementor-column-gap-default\">\n\t\t\t\t\t<div class=\"elementor-column elementor-col-100 elementor-top-column elementor-element elementor-element-8119ad3\" data-id=\"8119ad3\" data-element_type=\"column\" data-e-type=\"column\">\n\t\t\t<div class=\"elementor-widget-wrap elementor-element-populated\">\n\t\t\t\t\t\t<div class=\"elementor-element elementor-element-e562b9f elementor-widget elementor-widget-heading\" data-id=\"e562b9f\" data-element_type=\"widget\" data-e-type=\"widget\" data-widget_type=\"heading.default\">\n\t\t\t\t<div class=\"elementor-widget-container\">\n\t\t\t\t\t<h2 class=\"elementor-heading-title elementor-size-default\">Projekt Friedensdorf Oberhausen <\/h2>\t\t\t\t<\/div>\n\t\t\t\t<\/div>\n\t\t\t\t\t<\/div>\n\t\t<\/div>\n\t\t\t\t\t<\/div>\n\t\t<\/section>\n\t\t\t\t<section class=\"elementor-section elementor-top-section elementor-element elementor-element-d8f6a0f elementor-section-boxed elementor-section-height-default elementor-section-height-default\" data-id=\"d8f6a0f\" data-element_type=\"section\" data-e-type=\"section\">\n\t\t\t\t\t\t<div class=\"elementor-container elementor-column-gap-default\">\n\t\t\t\t\t<div class=\"elementor-column elementor-col-100 elementor-top-column elementor-element elementor-element-d93228f\" data-id=\"d93228f\" data-element_type=\"column\" data-e-type=\"column\">\n\t\t\t<div class=\"elementor-widget-wrap elementor-element-populated\">\n\t\t\t\t\t\t<div class=\"elementor-element elementor-element-7beef5c elementor-widget elementor-widget-text-editor\" data-id=\"7beef5c\" data-element_type=\"widget\" data-e-type=\"widget\" data-widget_type=\"text-editor.default\">\n\t\t\t\t<div class=\"elementor-widget-container\">\n\t\t\t\t\t\t\t\t\t<div class=\"field field-name-body field-type-text-with-summary field-label-hidden\"><div class=\"field-items\"><div class=\"field-item even\"><p>Die F\u00f6rderung sozialer Kompetenz und nachhaltigen Engagements im sozialen Bereich sind wichtige Grundpfeiler des Projekts \u201eFriedensdorf Oberhausen\u201c.<\/p><p>Im Gesellschaftslehre- und Wirtschaftslehreunterricht f\u00fchrt die Behandlung von Unterrrichtsthemen wie \u201eKinder einer Welt\u201c, \u201eEntwicklungsl\u00e4nder\u201c oder \u201eGlobalisierung\u201c zu emotionaler Betroffenheit. Ziel ist \u00fcber diese Betroffenheit hinaus Verantwortungsbereitschaft und pers\u00f6nliche Aktivit\u00e4t und Solidarit\u00e4t der Sch\u00fcler und Sch\u00fclerinnen anzustreben. Aus diesem Grund wird seit einigen Jahren regelm\u00e4\u00dfig einmal im Jahr eine Aktion (z. B. Kleidersammlung, Paketaktion oder \u00e4hnliches) zugunsten des Friedensdorfes Oberhausen durchgef\u00fchrt. Dieses Projekt wird im Unterricht vorbereitet und begleitet. Es dient auch dazu Fremdenfeindlichkeit abzubauen und ethnische und kulturelle Vielfalt sch\u00e4tzen zu lernen.<\/p><p>Das Friedensdorf holt seit 1967 kranke Kinder aus Kriegs- und Krisengebieten, denen in ihren Heimatl\u00e4ndern nicht mehr geholfen werden kann. Sie werden nach Deutschland gebracht, um sie in Kliniken behandeln zu lassen. Die Schwere ihrer Erkrankungen erfordert oft einen monatelangen Heilaufenthalt. Oft kommen die Kinder nur mit der Kleidung in Deutschland an, die sie am K\u00f6rper tragen. Nach abgeschlossener medizinischer Versorgung und anschlie\u00dfenden Rehabilitationsma\u00dfnahmen im Friedensdorf kehren alle Kinder wieder in ihre Heimatl\u00e4nder zur\u00fcck. F\u00fcr viele Kinder ist das Friedensdorf die einzige Chance zu \u00fcberleben.<\/p><p>Das Friedensdorf ist von dem Deutschen Zentralinstitut f\u00fcr soziale Fragen (DZI) als mildt\u00e4tig anerkannt worden.<\/p><p><i>&#8230;, <a href=\"http:\/\/wilhelm-kraft-gesamtschule.de\/kollegium#kersting-amling\">Kersting-A.<\/a>, M\u00e4rz 2008<\/i><\/p><\/div><\/div><\/div>\t\t\t\t\t\t\t\t<\/div>\n\t\t\t\t<\/div>\n\t\t\t\t\t<\/div>\n\t\t<\/div>\n\t\t\t\t\t<\/div>\n\t\t<\/section>\n\t\t\t\t<\/div>\n\t\t","protected":false},"excerpt":{"rendered":"<p>Projekt Friedensdorf Oberhausen Die F\u00f6rderung sozialer Kompetenz und nachhaltigen Engagements im sozialen Bereich sind wichtige Grundpfeiler des Projekts \u201eFriedensdorf Oberhausen\u201c. Im Gesellschaftslehre- und Wirtschaftslehreunterricht f\u00fchrt die Behandlung von Unterrrichtsthemen wie \u201eKinder einer Welt\u201c, \u201eEntwicklungsl\u00e4nder\u201c oder \u201eGlobalisierung\u201c zu emotionaler Betroffenheit. Ziel ist \u00fcber diese Betroffenheit hinaus Verantwortungsbereitschaft und pers\u00f6nliche Aktivit\u00e4t und Solidarit\u00e4t der Sch\u00fcler und Sch\u00fclerinnen anzustreben. Aus diesem Grund wird seit einigen Jahren regelm\u00e4\u00dfig einmal im Jahr eine Aktion (z. B. Kleidersammlung, Paketaktion oder \u00e4hnliches) zugunsten des Friedensdorfes Oberhausen durchgef\u00fchrt. Dieses Projekt wird im Unterricht vorbereitet und begleitet. Es dient auch dazu Fremdenfeindlichkeit abzubauen und ethnische und kulturelle Vielfalt sch\u00e4tzen zu lernen. Das Friedensdorf holt seit 1967 kranke Kinder aus Kriegs- und Krisengebieten, denen in ihren Heimatl\u00e4ndern nicht mehr geholfen werden kann. Sie werden nach Deutschland gebracht, um sie in Kliniken behandeln zu lassen. Die Schwere ihrer Erkrankungen erfordert oft einen monatelangen Heilaufenthalt. Oft kommen die Kinder nur mit der<\/p>\n","protected":false},"author":2,"featured_media":0,"parent":293,"menu_order":0,"comment_status":"closed","ping_status":"closed","template":"","meta":{"footnotes":""},"class_list":["post-392","page","type-page","status-publish","hentry","","tg-column-two"],"_links":{"self":[{"href":"https:\/\/wkge-en.de\/wkge\/wp-json\/wp\/v2\/pages\/392","targetHints":{"allow":["GET"]}}],"collection":[{"href":"https:\/\/wkge-en.de\/wkge\/wp-json\/wp\/v2\/pages"}],"about":[{"href":"https:\/\/wkge-en.de\/wkge\/wp-json\/wp\/v2\/types\/page"}],"author":[{"embeddable":true,"href":"https:\/\/wkge-en.de\/wkge\/wp-json\/wp\/v2\/users\/2"}],"replies":[{"embeddable":true,"href":"https:\/\/wkge-en.de\/wkge\/wp-json\/wp\/v2\/comments?post=392"}],"version-history":[{"count":4,"href":"https:\/\/wkge-en.de\/wkge\/wp-json\/wp\/v2\/pages\/392\/revisions"}],"predecessor-version":[{"id":396,"href":"https:\/\/wkge-en.de\/wkge\/wp-json\/wp\/v2\/pages\/392\/revisions\/396"}],"up":[{"embeddable":true,"href":"https:\/\/wkge-en.de\/wkge\/wp-json\/wp\/v2\/pages\/293"}],"wp:attachment":[{"href":"https:\/\/wkge-en.de\/wkge\/wp-json\/wp\/v2\/media?parent=392"}],"curies":[{"name":"wp","href":"https:\/\/api.w.org\/{rel}","templated":true}]}}