{"id":4105,"date":"2019-09-05T20:43:13","date_gmt":"2019-09-05T18:43:13","guid":{"rendered":"https:\/\/wkge-en.de\/wkge\/?page_id=4105"},"modified":"2022-08-22T09:32:06","modified_gmt":"2022-08-22T07:32:06","slug":"webuntis","status":"publish","type":"page","link":"https:\/\/wkge-en.de\/wkge\/unsere-schule\/service\/webuntis\/","title":{"rendered":"WebUntis"},"content":{"rendered":"<p>Die Wilhelm-Kraft-Gesamtschule bietet als Serviceleistung die Bereitstellung der Stundenplandaten f\u00fcr Sch\u00fclerinnen und Sch\u00fcler im Internet an. F\u00fcr die Korrektheit der bereitgestellten Daten kann keine Gew\u00e4hr \u00fcbernommen werden.<\/p>\n<p><strong>Verbindlich bleibt die Anzeige des Vertretungsplans im Schulgeb\u00e4ude.<\/strong><\/p>\n<p>Bei Verlust des Passwortes kann kein neues Passwort zur Verf\u00fcgung gestellt werden. Es kann jedoch eine E-Mailadresse in WebUntis hinterlegt werden, um das Passwort zur\u00fcckzusetzen.<\/p>\n<p><a href=\"https:\/\/wkge-en.de\/wkge\/wp-content\/uploads\/Anleitung-zur-Nutzung-von-WebUntis-fuer-Schuelerinnen-und-Schueler-2022.pdf\">Unter diesem Link finden Sie eine Anleitung zur Nutzung von WebUntis<\/a>.<\/p>\n<p>&nbsp;<\/p>\n","protected":false},"excerpt":{"rendered":"<p>Die Wilhelm-Kraft-Gesamtschule bietet als Serviceleistung die Bereitstellung der Stundenplandaten f\u00fcr Sch\u00fclerinnen und Sch\u00fcler im Internet an. F\u00fcr die Korrektheit der bereitgestellten Daten kann keine Gew\u00e4hr \u00fcbernommen werden. Verbindlich bleibt die Anzeige des Vertretungsplans im Schulgeb\u00e4ude. Bei Verlust des Passwortes kann kein neues Passwort zur Verf\u00fcgung gestellt werden. Es kann jedoch eine E-Mailadresse in WebUntis hinterlegt werden, um das Passwort zur\u00fcckzusetzen. Unter diesem Link finden Sie eine Anleitung zur Nutzung von WebUntis. &nbsp;<\/p>\n","protected":false},"author":2,"featured_media":0,"parent":1622,"menu_order":0,"comment_status":"closed","ping_status":"closed","template":"","meta":{"footnotes":""},"class_list":["post-4105","page","type-page","status-publish","hentry","","tg-column-two"],"_links":{"self":[{"href":"https:\/\/wkge-en.de\/wkge\/wp-json\/wp\/v2\/pages\/4105","targetHints":{"allow":["GET"]}}],"collection":[{"href":"https:\/\/wkge-en.de\/wkge\/wp-json\/wp\/v2\/pages"}],"about":[{"href":"https:\/\/wkge-en.de\/wkge\/wp-json\/wp\/v2\/types\/page"}],"author":[{"embeddable":true,"href":"https:\/\/wkge-en.de\/wkge\/wp-json\/wp\/v2\/users\/2"}],"replies":[{"embeddable":true,"href":"https:\/\/wkge-en.de\/wkge\/wp-json\/wp\/v2\/comments?post=4105"}],"version-history":[{"count":3,"href":"https:\/\/wkge-en.de\/wkge\/wp-json\/wp\/v2\/pages\/4105\/revisions"}],"predecessor-version":[{"id":6908,"href":"https:\/\/wkge-en.de\/wkge\/wp-json\/wp\/v2\/pages\/4105\/revisions\/6908"}],"up":[{"embeddable":true,"href":"https:\/\/wkge-en.de\/wkge\/wp-json\/wp\/v2\/pages\/1622"}],"wp:attachment":[{"href":"https:\/\/wkge-en.de\/wkge\/wp-json\/wp\/v2\/media?parent=4105"}],"curies":[{"name":"wp","href":"https:\/\/api.w.org\/{rel}","templated":true}]}}