{"id":501,"date":"2018-12-11T12:32:32","date_gmt":"2018-12-11T11:32:32","guid":{"rendered":"http:\/\/wkge-en.de\/wkge\/?page_id=501"},"modified":"2018-12-11T12:34:09","modified_gmt":"2018-12-11T11:34:09","slug":"ziele-des-unterrichts","status":"publish","type":"page","link":"https:\/\/wkge-en.de\/wkge\/unsere-schule\/schulprogramm\/unterricht\/ziele-des-unterrichts\/","title":{"rendered":"Ziele des Unterrichts"},"content":{"rendered":"\t\t<div data-elementor-type=\"wp-post\" data-elementor-id=\"501\" class=\"elementor elementor-501 elementor-bc-flex-widget\">\n\t\t\t\t\t\t<section class=\"elementor-section elementor-top-section elementor-element elementor-element-ef06585 elementor-section-boxed elementor-section-height-default elementor-section-height-default\" data-id=\"ef06585\" data-element_type=\"section\" data-e-type=\"section\">\n\t\t\t\t\t\t<div class=\"elementor-container elementor-column-gap-default\">\n\t\t\t\t\t<div class=\"elementor-column elementor-col-100 elementor-top-column elementor-element elementor-element-dd891ea\" data-id=\"dd891ea\" data-element_type=\"column\" data-e-type=\"column\">\n\t\t\t<div class=\"elementor-widget-wrap elementor-element-populated\">\n\t\t\t\t\t\t<div class=\"elementor-element elementor-element-a358905 elementor-widget elementor-widget-heading\" data-id=\"a358905\" data-element_type=\"widget\" data-e-type=\"widget\" data-widget_type=\"heading.default\">\n\t\t\t\t<div class=\"elementor-widget-container\">\n\t\t\t\t\t<h2 class=\"elementor-heading-title elementor-size-default\"> Ziele des Unterrichts <\/h2>\t\t\t\t<\/div>\n\t\t\t\t<\/div>\n\t\t\t\t\t<\/div>\n\t\t<\/div>\n\t\t\t\t\t<\/div>\n\t\t<\/section>\n\t\t\t\t<section class=\"elementor-section elementor-top-section elementor-element elementor-element-7d71307 elementor-section-boxed elementor-section-height-default elementor-section-height-default\" data-id=\"7d71307\" data-element_type=\"section\" data-e-type=\"section\">\n\t\t\t\t\t\t<div class=\"elementor-container elementor-column-gap-default\">\n\t\t\t\t\t<div class=\"elementor-column elementor-col-100 elementor-top-column elementor-element elementor-element-265a099\" data-id=\"265a099\" data-element_type=\"column\" data-e-type=\"column\">\n\t\t\t<div class=\"elementor-widget-wrap elementor-element-populated\">\n\t\t\t\t\t\t<div class=\"elementor-element elementor-element-2730c25 elementor-widget elementor-widget-text-editor\" data-id=\"2730c25\" data-element_type=\"widget\" data-e-type=\"widget\" data-widget_type=\"text-editor.default\">\n\t\t\t\t<div class=\"elementor-widget-container\">\n\t\t\t\t\t\t\t\t\t<div class=\"field field-name-body field-type-text-with-summary field-label-hidden\"><div class=\"field-items\"><div class=\"field-item even\"><ol><li>Wesentliche Aufgabe unterrichtlicher Arbeit besteht in der Vermittlung von Fertigkeiten, F\u00e4higkeiten Kenntnissen und insbesondere der Ausbildung zukunftsorientierter Kernkompetenzen.<\/li><li>Die F\u00e4higkeit zu selbstst\u00e4ndigem Arbeiten, zur Selbstorganisation und zur Zusammenarbeit mit anderen ist Grundlage f\u00fcr Lernbereitschaft und Motivation.<\/li><li>Zunehmend sicherere <a href=\"http:\/\/wilhelm-kraft-gesamtschule.de\/methoden\">Verf\u00fcgbarkeit \u00fcber Methoden<\/a> und Kenntnisse bef\u00e4higt zu selbstst\u00e4ndigen Probleml\u00f6sungsstrategien.<\/li><li>Das <a href=\"http:\/\/wilhelm-kraft-gesamtschule.de\/schulprogramm\/wochenplan-arbeitsstunde\">Arbeitsstunden-<\/a>, <a href=\"http:\/\/wilhelm-kraft-gesamtschule.de\/schulprogramm\/wochenplan-arbeitsstunde\">Wochenplan-<\/a> und <a href=\"http:\/\/wilhelm-kraft-gesamtschule.de\/schulprogramm\/haeusliche-arbeit\">Hausaufgabenkonzept<\/a> wird mit dieser Zielrichtung weiterentwickelt.<\/li><li>Lehrerinnen und Lehrer tragen durch Individualisierung von Unterricht, insbesondere durch <a href=\"http:\/\/wilhelm-kraft-gesamtschule.de\/schulprogramm\/foerdern-und-fordern\">gezielte F\u00f6rderung<\/a> lernschwacher, schwieriger ebenso wie leistungsstarker Sch\u00fclerinnen und Sch\u00fcler nach entsprechender Beobachtung und Diagnose in hohem Ma\u00dfe zur Realisierung von Chancengleichheit bei.<\/li><li>Unterricht ist geleitet von Sch\u00fclerorientierung, Handlungsorientierung, F\u00e4cher\u00fcbergreifung und Vermittlung von Schl\u00fcsselqualifikationen.<\/li><\/ol><\/div><\/div><\/div>\t\t\t\t\t\t\t\t<\/div>\n\t\t\t\t<\/div>\n\t\t\t\t\t<\/div>\n\t\t<\/div>\n\t\t\t\t\t<\/div>\n\t\t<\/section>\n\t\t\t\t<\/div>\n\t\t","protected":false},"excerpt":{"rendered":"<p>Ziele des Unterrichts Wesentliche Aufgabe unterrichtlicher Arbeit besteht in der Vermittlung von Fertigkeiten, F\u00e4higkeiten Kenntnissen und insbesondere der Ausbildung zukunftsorientierter Kernkompetenzen. Die F\u00e4higkeit zu selbstst\u00e4ndigem Arbeiten, zur Selbstorganisation und zur Zusammenarbeit mit anderen ist Grundlage f\u00fcr Lernbereitschaft und Motivation. Zunehmend sicherere Verf\u00fcgbarkeit \u00fcber Methoden und Kenntnisse bef\u00e4higt zu selbstst\u00e4ndigen Probleml\u00f6sungsstrategien. Das Arbeitsstunden-, Wochenplan- und Hausaufgabenkonzept wird mit dieser Zielrichtung weiterentwickelt. Lehrerinnen und Lehrer tragen durch Individualisierung von Unterricht, insbesondere durch gezielte F\u00f6rderung lernschwacher, schwieriger ebenso wie leistungsstarker Sch\u00fclerinnen und Sch\u00fcler nach entsprechender Beobachtung und Diagnose in hohem Ma\u00dfe zur Realisierung von Chancengleichheit bei. Unterricht ist geleitet von Sch\u00fclerorientierung, Handlungsorientierung, F\u00e4cher\u00fcbergreifung und Vermittlung von Schl\u00fcsselqualifikationen.<\/p>\n","protected":false},"author":2,"featured_media":0,"parent":497,"menu_order":0,"comment_status":"closed","ping_status":"closed","template":"","meta":{"footnotes":""},"class_list":["post-501","page","type-page","status-publish","hentry","","tg-column-two"],"_links":{"self":[{"href":"https:\/\/wkge-en.de\/wkge\/wp-json\/wp\/v2\/pages\/501","targetHints":{"allow":["GET"]}}],"collection":[{"href":"https:\/\/wkge-en.de\/wkge\/wp-json\/wp\/v2\/pages"}],"about":[{"href":"https:\/\/wkge-en.de\/wkge\/wp-json\/wp\/v2\/types\/page"}],"author":[{"embeddable":true,"href":"https:\/\/wkge-en.de\/wkge\/wp-json\/wp\/v2\/users\/2"}],"replies":[{"embeddable":true,"href":"https:\/\/wkge-en.de\/wkge\/wp-json\/wp\/v2\/comments?post=501"}],"version-history":[{"count":3,"href":"https:\/\/wkge-en.de\/wkge\/wp-json\/wp\/v2\/pages\/501\/revisions"}],"predecessor-version":[{"id":505,"href":"https:\/\/wkge-en.de\/wkge\/wp-json\/wp\/v2\/pages\/501\/revisions\/505"}],"up":[{"embeddable":true,"href":"https:\/\/wkge-en.de\/wkge\/wp-json\/wp\/v2\/pages\/497"}],"wp:attachment":[{"href":"https:\/\/wkge-en.de\/wkge\/wp-json\/wp\/v2\/media?parent=501"}],"curies":[{"name":"wp","href":"https:\/\/api.w.org\/{rel}","templated":true}]}}