{"id":6874,"date":"2022-08-17T11:09:57","date_gmt":"2022-08-17T09:09:57","guid":{"rendered":"https:\/\/wkge-en.de\/wkge\/?page_id=6874"},"modified":"2025-11-25T08:24:45","modified_gmt":"2025-11-25T07:24:45","slug":"formulare","status":"publish","type":"page","link":"https:\/\/wkge-en.de\/wkge\/formulare\/","title":{"rendered":"Formulare"},"content":{"rendered":"<p>Auf dieser Seite finden Sie wichtige Formulare und Anleitungen zum Download. Die Seite wird fortlaufend aktualisiert und um weitere Formulare erg\u00e4nzt.<\/p>\n<p><strong>Anmeldung<\/strong><\/p>\n<p><a href=\"https:\/\/wkge-en.de\/wkge\/wp-content\/uploads\/Anmeldeformular-WKGE.pdf\">Klasse 5 &#8211; Informationen zur Anmeldung und Anmeldeformular<\/a> (Steht nur im Zeitraum der Anmeldungen Jg. 5 zur Verf\u00fcgung)<\/p>\n<p><a href=\"https:\/\/wkge-en.de\/wkge\/anmeldung-2025\/\">Klasse EF &#8211; Informationen zur Anmeldung und Anmeldeformular und zus\u00e4tzliche Informationen zum Informationsabend<\/a> (Steht nur im Zeitraum der Anmeldungen Jg. EF zur Verf\u00fcgung)<\/p>\n<p><a href=\"https:\/\/wkge-en.de\/wkge\/wp-content\/uploads\/Zusammengefasste-Informationen-zur-Anmeldung-2025_26.pdf\">Empfangsbest\u00e4tigungen und Einwilligungen zur Schulanmeldung<\/a><\/p>\n<p><strong>Digitalisierung<\/strong><\/p>\n<p><a href=\"https:\/\/wkge-en.de\/wkge\/wp-content\/uploads\/Nutzungsvereinbarung-iPads-Oberstufe-Stand-082023.pdf\">Nutzungsvereinbarungen Oberstufe Sch\u00fclerendger\u00e4te (iPads) Stand 082303<\/a> (Bei der \u00dcbergabe des iPads bekommt Ihr Kind die letzte Seite ausgeh\u00e4ndigt, sie muss nicht ausgedruckt werden)<\/p>\n<p><a href=\"https:\/\/wkge-en.de\/wkge\/wp-content\/uploads\/Nutzungsbedingung-iPads-Sekundarstufe-I-Stand-082023.pdf\">Nutzungsvereinbarungen Sekundarstufe I Sch\u00fclerendger\u00e4te (iPads) Stand 082023<\/a> (Bei der \u00dcbergabe des iPads bekommt Ihr Kind die letzte Seite ausgeh\u00e4ndigt, sie muss nicht ausgedruckt werden)<\/p>\n<p><a href=\"https:\/\/wkge-en.de\/wkge\/wp-content\/uploads\/FAQs-iPads-Schultraeger.pdf\">FAQs iPads Schultr\u00e4ger Stand 082024<\/a><\/p>\n<p><a href=\"https:\/\/wkge-en.de\/wkge\/wp-content\/uploads\/Informationen-und-Einwilligung-Lernplattform-MNSpro-Cloud.pdf\">Informationen und Einwilligung Lernplattform MNSpro Cloud<\/a><\/p>\n<p><a href=\"https:\/\/wkge-en.de\/wkge\/wp-content\/uploads\/Einwilligung-Lernplattform-MNSpro-Cloud.pdf\">Einwilligung Lernplattform MNSpro Cloud<\/a><\/p>\n<p><a href=\"https:\/\/wkge-en.de\/wkge\/wp-content\/uploads\/iPadeinrichtung-WKGE-DS-GVO-JamfSchool-und-Apple.pdf\">Informationen zur iPad-Verwaltung mit JamfSchool<\/a><\/p>\n<p>alte Nutzungsvereinbarung:<\/p>\n<p><a href=\"https:\/\/wkge-en.de\/wkge\/wp-content\/uploads\/Nutzungsbedingungen-Schuelerendgeraete-Stand-082022.pdf\">Nutzungsbedingungen Sch\u00fclerendger\u00e4te (iPads) Stand 08\/2022<\/a><\/p>\n<p><strong>WebUntis<\/strong><\/p>\n<p><a href=\"https:\/\/wkge-en.de\/wkge\/wp-content\/uploads\/Anleitung-zur-Nutzung-von-WebUntis-fuer-Schuelerinnen-und-Schueler-2022.pdf\">Anleitung zur Nutzung von WebUntis f\u00fcr Sch\u00fclerinnen und Sch\u00fcler (Stand 2022)<\/a><\/p>\n<p><a href=\"https:\/\/wkge-en.de\/wkge\/wp-content\/uploads\/WebUntis-Eltern-Anleitung-09_2024.pdf\">Anleitung und H\u00e4ufige Fragen zur Nutzung von WebUntis f\u00fcr Eltern &#8211; Online-Krankmeldung (Stand 05\/2024)<\/a><\/p>\n<p><a href=\"https:\/\/wkge-en.de\/wkge\/wp-content\/uploads\/Einverstaendniserklaerung-Erziehungsberechtigte-WebUntis-einmalig.pdf\">Einverst\u00e4ndniserkl\u00e4rung Online-Krankmeldung durch Erziehungsberechtigte WebUntis<\/a><\/p>\n<p><strong>weitere Anleitungen<\/strong><\/p>\n<p><a href=\"https:\/\/wkge-en.de\/wkge\/wp-content\/uploads\/Anleitung-zur-Nutzung-der-Lernplattform-MNSpro-Cloud.pdf\">Anleitung zur Nutzung der Lernplattform MNSpro Cloud (Stand 2022)<\/a><\/p>\n<p><strong>Stundenplanvorlage<\/strong><\/p>\n<p><a href=\"https:\/\/wkge-en.de\/wkge\/wp-content\/uploads\/WKGE-Stundenplan.pdf\">WKGE-Stundenplanvorlage mit Unterrichtszeiten<\/a><\/p>\n<p><strong>Entschuldigungsverfahren<\/strong><\/p>\n<p><a href=\"https:\/\/wkge-en.de\/wkge\/wp-content\/uploads\/Entschuldigungsverfahren.pdf\">Informationen zum Entschuldigungsverfahren<\/a><\/p>\n<p><strong>Materialliste f\u00fcr die Jahrg\u00e4nge 5 &#8211; 10<\/strong><\/p>\n<p><a href=\"https:\/\/wkge-en.de\/wkge\/wp-content\/uploads\/Materialliste-fuer-alle-Klassen_2025.pdf\">Materialliste f\u00fcr alle Klassen 5-10<\/a><\/p>\n","protected":false},"excerpt":{"rendered":"<p>Auf dieser Seite finden Sie wichtige Formulare und Anleitungen zum Download. Die Seite wird fortlaufend aktualisiert und um weitere Formulare erg\u00e4nzt. Anmeldung Klasse 5 &#8211; Informationen zur Anmeldung und Anmeldeformular (Steht nur im Zeitraum der Anmeldungen Jg. 5 zur Verf\u00fcgung) Klasse EF &#8211; Informationen zur Anmeldung und Anmeldeformular und zus\u00e4tzliche Informationen zum Informationsabend (Steht nur im Zeitraum der Anmeldungen Jg. EF zur Verf\u00fcgung) Empfangsbest\u00e4tigungen und Einwilligungen zur Schulanmeldung Digitalisierung Nutzungsvereinbarungen Oberstufe Sch\u00fclerendger\u00e4te (iPads) Stand 082303 (Bei der \u00dcbergabe des iPads bekommt Ihr Kind die letzte Seite ausgeh\u00e4ndigt, sie muss nicht ausgedruckt werden) Nutzungsvereinbarungen Sekundarstufe I Sch\u00fclerendger\u00e4te (iPads) Stand 082023 (Bei der \u00dcbergabe des iPads bekommt Ihr Kind die letzte Seite ausgeh\u00e4ndigt, sie muss nicht ausgedruckt werden) FAQs iPads Schultr\u00e4ger Stand 082024 Informationen und Einwilligung Lernplattform MNSpro Cloud Einwilligung Lernplattform MNSpro Cloud Informationen zur iPad-Verwaltung mit JamfSchool alte Nutzungsvereinbarung: Nutzungsbedingungen Sch\u00fclerendger\u00e4te (iPads) Stand 08\/2022 WebUntis Anleitung zur Nutzung von WebUntis f\u00fcr<\/p>\n","protected":false},"author":2,"featured_media":0,"parent":0,"menu_order":0,"comment_status":"closed","ping_status":"closed","template":"","meta":{"footnotes":""},"class_list":["post-6874","page","type-page","status-publish","hentry","","tg-column-two"],"_links":{"self":[{"href":"https:\/\/wkge-en.de\/wkge\/wp-json\/wp\/v2\/pages\/6874","targetHints":{"allow":["GET"]}}],"collection":[{"href":"https:\/\/wkge-en.de\/wkge\/wp-json\/wp\/v2\/pages"}],"about":[{"href":"https:\/\/wkge-en.de\/wkge\/wp-json\/wp\/v2\/types\/page"}],"author":[{"embeddable":true,"href":"https:\/\/wkge-en.de\/wkge\/wp-json\/wp\/v2\/users\/2"}],"replies":[{"embeddable":true,"href":"https:\/\/wkge-en.de\/wkge\/wp-json\/wp\/v2\/comments?post=6874"}],"version-history":[{"count":9,"href":"https:\/\/wkge-en.de\/wkge\/wp-json\/wp\/v2\/pages\/6874\/revisions"}],"predecessor-version":[{"id":10310,"href":"https:\/\/wkge-en.de\/wkge\/wp-json\/wp\/v2\/pages\/6874\/revisions\/10310"}],"wp:attachment":[{"href":"https:\/\/wkge-en.de\/wkge\/wp-json\/wp\/v2\/media?parent=6874"}],"curies":[{"name":"wp","href":"https:\/\/api.w.org\/{rel}","templated":true}]}}