{"id":8931,"date":"2024-08-26T16:24:01","date_gmt":"2024-08-26T14:24:01","guid":{"rendered":"https:\/\/wkge-en.de\/wkge\/?page_id=8931"},"modified":"2025-09-03T10:58:58","modified_gmt":"2025-09-03T08:58:58","slug":"ganztag","status":"publish","type":"page","link":"https:\/\/wkge-en.de\/wkge\/schulalltag\/pausen\/ganztag\/","title":{"rendered":"Ganztag"},"content":{"rendered":"<p>Wir legen gro\u00dfen Wert auf ein umfassendes Ganztagsangebot, das weit \u00fcber den regul\u00e4ren Unterricht hinausgeht. Unser Ziel ist es, eine ganzheitliche F\u00f6rderung Ihrer Kinder zu gew\u00e4hrleisten, die sowohl ihre akademischen F\u00e4higkeiten als auch ihre sozialen und pers\u00f6nlichen Kompetenzen st\u00e4rkt.<\/p>\n<p>Der Ganztag an der Wilhelm-Kraft-Gesamtschule bietet den Sch\u00fclerinnen und Sch\u00fclern die M\u00f6glichkeit, in einem strukturierten Rahmen zu lernen, zu spielen und sich zu entfalten. Durch ein abwechslungsreiches Programm aus Unterricht, Freizeitaktivit\u00e4ten und individuellen F\u00f6rderangeboten schaffen wir eine positive Lernumgebung, in der sich jedes Kind wohlf\u00fchlt und seine Talente entdecken kann.<\/p>\n<p>Ein zentrales Anliegen unseres Ganztages ist die F\u00f6rderung der sozialen Interaktion und Teamarbeit. In gemeinsamen Projekten und Arbeitsgemeinschaften (AGs) lernen die Kinder, Verantwortung zu \u00fcbernehmen, Konflikte konstruktiv zu l\u00f6sen und ihre eigenen Ideen einzubringen. Dar\u00fcber hinaus unterst\u00fctzen wir die Entwicklung von Selbstorganisation und Zeitmanagement, z.B. in unseren differenzierten Lernzeiten.<\/p>\n<p style=\"text-align: center;\"><a href=\"https:\/\/wkge-en.de\/wkge\/wp-content\/uploads\/AG-Heft-25-26.pdf\"><strong>-&gt; Hier finden Sie unser aktuelles AG-Heft f\u00fcr das 1. Halbjahr &lt;-<\/strong><\/a><\/p>\n<p style=\"text-align: center;\"><img fetchpriority=\"high\" decoding=\"async\" class=\"aligncenter size-full wp-image-9943\" src=\"https:\/\/wkge-en.de\/wkge\/wp-content\/uploads\/OA-1.-HJ-25-26.jpg\" alt=\"\" width=\"851\" height=\"835\" srcset=\"https:\/\/wkge-en.de\/wkge\/wp-content\/uploads\/OA-1.-HJ-25-26.jpg 851w, https:\/\/wkge-en.de\/wkge\/wp-content\/uploads\/OA-1.-HJ-25-26-300x294.jpg 300w, https:\/\/wkge-en.de\/wkge\/wp-content\/uploads\/OA-1.-HJ-25-26-768x754.jpg 768w\" sizes=\"(max-width: 851px) 100vw, 851px\" \/><\/p>\n<p>Wir sind \u00fcberzeugt, dass der Ganztag nicht nur zur schulischen Leistung beitr\u00e4gt, sondern auch wichtige Lebenskompetenzen vermittelt, die Ihre Kinder auf ihrem weiteren Weg begleiten werden. Gemeinsam mit Ihnen m\u00f6chten wir eine positive und f\u00f6rderliche Lernatmosph\u00e4re schaffen, in der sich Ihr Kind optimal entwickeln kann.<\/p>\n<p><em>Offene Angebote Stand 31.08.25<\/em><\/p>\n","protected":false},"excerpt":{"rendered":"<p>Wir legen gro\u00dfen Wert auf ein umfassendes Ganztagsangebot, das weit \u00fcber den regul\u00e4ren Unterricht hinausgeht. Unser Ziel ist es, eine ganzheitliche F\u00f6rderung Ihrer Kinder zu gew\u00e4hrleisten, die sowohl ihre akademischen F\u00e4higkeiten als auch ihre sozialen und pers\u00f6nlichen Kompetenzen st\u00e4rkt. Der Ganztag an der Wilhelm-Kraft-Gesamtschule bietet den Sch\u00fclerinnen und Sch\u00fclern die M\u00f6glichkeit, in einem strukturierten Rahmen zu lernen, zu spielen und sich zu entfalten. Durch ein abwechslungsreiches Programm aus Unterricht, Freizeitaktivit\u00e4ten und individuellen F\u00f6rderangeboten schaffen wir eine positive Lernumgebung, in der sich jedes Kind wohlf\u00fchlt und seine Talente entdecken kann. Ein zentrales Anliegen unseres Ganztages ist die F\u00f6rderung der sozialen Interaktion und Teamarbeit. In gemeinsamen Projekten und Arbeitsgemeinschaften (AGs) lernen die Kinder, Verantwortung zu \u00fcbernehmen, Konflikte konstruktiv zu l\u00f6sen und ihre eigenen Ideen einzubringen. Dar\u00fcber hinaus unterst\u00fctzen wir die Entwicklung von Selbstorganisation und Zeitmanagement, z.B. in unseren differenzierten Lernzeiten. -&gt; Hier finden Sie unser aktuelles AG-Heft f\u00fcr das 1. Halbjahr &lt;-<\/p>\n","protected":false},"author":2,"featured_media":0,"parent":7800,"menu_order":0,"comment_status":"closed","ping_status":"closed","template":"","meta":{"footnotes":""},"class_list":["post-8931","page","type-page","status-publish","hentry","","tg-column-two"],"_links":{"self":[{"href":"https:\/\/wkge-en.de\/wkge\/wp-json\/wp\/v2\/pages\/8931","targetHints":{"allow":["GET"]}}],"collection":[{"href":"https:\/\/wkge-en.de\/wkge\/wp-json\/wp\/v2\/pages"}],"about":[{"href":"https:\/\/wkge-en.de\/wkge\/wp-json\/wp\/v2\/types\/page"}],"author":[{"embeddable":true,"href":"https:\/\/wkge-en.de\/wkge\/wp-json\/wp\/v2\/users\/2"}],"replies":[{"embeddable":true,"href":"https:\/\/wkge-en.de\/wkge\/wp-json\/wp\/v2\/comments?post=8931"}],"version-history":[{"count":7,"href":"https:\/\/wkge-en.de\/wkge\/wp-json\/wp\/v2\/pages\/8931\/revisions"}],"predecessor-version":[{"id":9960,"href":"https:\/\/wkge-en.de\/wkge\/wp-json\/wp\/v2\/pages\/8931\/revisions\/9960"}],"up":[{"embeddable":true,"href":"https:\/\/wkge-en.de\/wkge\/wp-json\/wp\/v2\/pages\/7800"}],"wp:attachment":[{"href":"https:\/\/wkge-en.de\/wkge\/wp-json\/wp\/v2\/media?parent=8931"}],"curies":[{"name":"wp","href":"https:\/\/api.w.org\/{rel}","templated":true}]}}